Last updated on 2024-05-04 09:49:53 CEST.
Flavor | Version | Tinstall | Tcheck | Ttotal | Status | Flags |
---|---|---|---|---|---|---|
r-devel-linux-x86_64-debian-clang | 0.99.1 | 0.72 | 2.34 | 3.06 | ERROR | |
r-devel-linux-x86_64-debian-gcc | 0.99.1 | 27.85 | 444.84 | 472.69 | OK | |
r-devel-linux-x86_64-fedora-clang | 0.99.1 | 818.82 | OK | |||
r-devel-linux-x86_64-fedora-gcc | 0.99.1 | 744.44 | OK | |||
r-devel-windows-x86_64 | 0.99.1 | 31.00 | 437.00 | 468.00 | OK | |
r-patched-linux-x86_64 | 0.99.1 | 31.85 | 556.18 | 588.03 | OK | |
r-release-linux-x86_64 | 0.99.1 | 32.43 | 549.92 | 582.35 | OK | |
r-release-macos-arm64 | 0.99.1 | 219.00 | OK | |||
r-release-macos-x86_64 | 0.99.1 | 405.00 | OK | |||
r-release-windows-x86_64 | 0.99.1 | 31.00 | 388.00 | 419.00 | OK | |
r-oldrel-macos-arm64 | 0.99.1 | 203.00 | OK | |||
r-oldrel-macos-x86_64 | 0.99.1 | 322.00 | OK | |||
r-oldrel-windows-x86_64 | 0.99.1 | 40.00 | 531.00 | 571.00 | OK |
Version: 0.99.1
Check: package dependencies
Result: ERROR
Package required but not available: ‘SummarizedExperiment’
See section ‘The DESCRIPTION file’ in the ‘Writing R Extensions’
manual.
Flavor: r-devel-linux-x86_64-debian-clang