Last updated on 2024-05-04 09:49:53 CEST.
Flavor | Version | Tinstall | Tcheck | Ttotal | Status | Flags |
---|---|---|---|---|---|---|
r-devel-linux-x86_64-debian-clang | 1.0.0 | 5.90 | 81.95 | 87.85 | NOTE | |
r-devel-linux-x86_64-debian-gcc | 1.0.0 | 4.41 | 68.00 | 72.41 | NOTE | |
r-devel-linux-x86_64-fedora-clang | 1.0.0 | 115.52 | NOTE | |||
r-devel-linux-x86_64-fedora-gcc | 1.0.0 | 105.93 | NOTE | |||
r-devel-windows-x86_64 | 1.0.0 | 7.00 | 81.00 | 88.00 | NOTE | |
r-patched-linux-x86_64 | 1.0.0 | 4.84 | 89.38 | 94.22 | NOTE | |
r-release-linux-x86_64 | 1.0.0 | 4.27 | 90.47 | 94.74 | NOTE | |
r-release-macos-arm64 | 1.0.0 | 28.00 | NOTE | |||
r-release-windows-x86_64 | 1.0.0 | 7.00 | 80.00 | 87.00 | NOTE | |
r-oldrel-macos-arm64 | 1.0.0 | 32.00 | NOTE | |||
r-oldrel-macos-x86_64 | 1.0.0 | 53.00 | NOTE | |||
r-oldrel-windows-x86_64 | 1.0.0 | 8.00 | 130.00 | 138.00 | NOTE |
Version: 1.0.0
Check: LazyData
Result: NOTE
'LazyData' is specified without a 'data' directory
Flavors: r-devel-linux-x86_64-debian-clang, r-devel-linux-x86_64-debian-gcc, r-devel-linux-x86_64-fedora-clang, r-devel-linux-x86_64-fedora-gcc, r-devel-windows-x86_64, r-patched-linux-x86_64, r-release-linux-x86_64, r-release-macos-arm64, r-release-windows-x86_64, r-oldrel-macos-arm64, r-oldrel-macos-x86_64, r-oldrel-windows-x86_64