Last updated on 2024-05-04 09:49:54 CEST.
Flavor | Version | Tinstall | Tcheck | Ttotal | Status | Flags |
---|---|---|---|---|---|---|
r-devel-linux-x86_64-debian-clang | 1.2.1 | 169.40 | 128.70 | 298.10 | NOTE | |
r-devel-linux-x86_64-debian-gcc | 1.2.1 | 119.85 | 99.65 | 219.50 | NOTE | |
r-devel-linux-x86_64-fedora-clang | 1.2.1 | 377.17 | NOTE | |||
r-devel-linux-x86_64-fedora-gcc | 1.2.1 | 404.48 | NOTE | |||
r-devel-windows-x86_64 | 1.2.1 | 109.00 | 151.00 | 260.00 | NOTE | |
r-patched-linux-x86_64 | 1.2.1 | 143.29 | 128.19 | 271.48 | NOTE | |
r-release-linux-x86_64 | 1.2.1 | 140.43 | 130.30 | 270.73 | NOTE | |
r-release-macos-arm64 | 1.2.1 | 94.00 | NOTE | |||
r-release-windows-x86_64 | 1.2.1 | 111.00 | 132.00 | 243.00 | NOTE | |
r-oldrel-macos-arm64 | 1.2.1 | 102.00 | NOTE | |||
r-oldrel-macos-x86_64 | 1.2.1 | 178.00 | NOTE | |||
r-oldrel-windows-x86_64 | 1.2.1 | 133.00 | 167.00 | 300.00 | NOTE |
Version: 1.2.1
Check: C++ specification
Result: NOTE
Specified C++11: please drop specification unless essential
Flavors: r-devel-linux-x86_64-debian-clang, r-devel-linux-x86_64-debian-gcc, r-devel-linux-x86_64-fedora-clang, r-devel-linux-x86_64-fedora-gcc, r-devel-windows-x86_64, r-patched-linux-x86_64, r-release-linux-x86_64, r-release-macos-arm64, r-release-windows-x86_64, r-oldrel-macos-arm64, r-oldrel-macos-x86_64, r-oldrel-windows-x86_64
Version: 1.2.1
Check: installed package size
Result: NOTE
installed size is 9.6Mb
sub-directories of 1Mb or more:
libs 9.4Mb
Flavors: r-release-macos-arm64, r-oldrel-macos-arm64, r-oldrel-macos-x86_64
Version: 1.2.1
Check: package dependencies
Result: NOTE
Package suggested but not available for checking: ‘Rsymphony’
Flavor: r-oldrel-macos-x86_64