Last updated on 2024-05-04 09:49:28 CEST.
Flavor | Version | Tinstall | Tcheck | Ttotal | Status | Flags |
---|---|---|---|---|---|---|
r-devel-linux-x86_64-debian-clang | 1.0.0 | 14.66 | 132.72 | 147.38 | NOTE | |
r-devel-linux-x86_64-debian-gcc | 1.0.0 | 11.18 | 151.62 | 162.80 | OK | |
r-devel-linux-x86_64-fedora-clang | 1.0.0 | 287.39 | OK | |||
r-devel-linux-x86_64-fedora-gcc | 1.0.0 | 268.23 | OK | |||
r-devel-windows-x86_64 | 1.0.0 | 13.00 | 162.00 | 175.00 | OK | |
r-patched-linux-x86_64 | 1.0.0 | 14.06 | 192.79 | 206.85 | OK | |
r-release-linux-x86_64 | 1.0.0 | 11.36 | 189.60 | 200.96 | OK | |
r-release-macos-arm64 | 1.0.0 | 79.00 | OK | |||
r-release-windows-x86_64 | 1.0.0 | 12.00 | 158.00 | 170.00 | OK | |
r-oldrel-macos-arm64 | 1.0.0 | 79.00 | OK | |||
r-oldrel-macos-x86_64 | 1.0.0 | 178.00 | OK | |||
r-oldrel-windows-x86_64 | 1.0.0 | 16.00 | 200.00 | 216.00 | OK |
Version: 1.0.0
Check: package dependencies
Result: NOTE
Packages suggested but not available for checking:
'clusterProfiler', 'DOSE', 'org.Hs.eg.db'
Flavor: r-devel-linux-x86_64-debian-clang
Version: 1.0.0
Check: re-building of vignette outputs
Result: NOTE
Note: skipping ‘aPEAR-vignette.Rmd’ due to unavailable dependencies:
'clusterProfiler'
Flavor: r-devel-linux-x86_64-debian-clang