Last updated on 2024-05-04 09:49:27 CEST.
Flavor | Version | Tinstall | Tcheck | Ttotal | Status | Flags |
---|---|---|---|---|---|---|
r-devel-linux-x86_64-debian-clang | 0.6.9 | 53.56 | 154.65 | 208.21 | NOTE | |
r-devel-linux-x86_64-debian-gcc | 0.6.9 | 38.14 | 158.68 | 196.82 | OK | |
r-devel-linux-x86_64-fedora-clang | 0.6.9 | 373.80 | OK | |||
r-devel-linux-x86_64-fedora-gcc | 0.6.9 | 344.36 | OK | |||
r-devel-windows-x86_64 | 0.6.9 | 43.00 | 188.00 | 231.00 | OK | |
r-patched-linux-x86_64 | 0.6.9 | 46.88 | 197.58 | 244.46 | OK | |
r-release-linux-x86_64 | 0.6.9 | 34.90 | 203.84 | 238.74 | OK | |
r-release-macos-arm64 | 0.6.9 | 96.00 | OK | |||
r-release-macos-x86_64 | 0.6.9 | 242.00 | OK | |||
r-release-windows-x86_64 | 0.6.9 | 40.00 | 185.00 | 225.00 | OK | |
r-oldrel-macos-arm64 | 0.6.9 | 80.00 | NOTE | |||
r-oldrel-macos-x86_64 | 0.6.9 | 166.00 | NOTE | |||
r-oldrel-windows-x86_64 | 0.6.9 | 52.00 | 233.00 | 285.00 | OK |
Version: 0.6.9
Check: package dependencies
Result: NOTE
Package suggested but not available for checking: ‘HiTC’
Flavors: r-devel-linux-x86_64-debian-clang, r-oldrel-macos-x86_64
Version: 0.6.9
Check: package dependencies
Result: NOTE
Packages suggested but not available for checking: 'HiTC', 'snpStats'
Flavor: r-oldrel-macos-arm64
Version: 0.6.9
Check: Rd cross-references
Result: NOTE
Package unavailable to check Rd xrefs: ‘snpStats’
Flavor: r-oldrel-macos-arm64