CRAN Package Check Results for Package aggutils

Last updated on 2025-10-26 10:49:45 CET.

Flavor Version Tinstall Tcheck Ttotal Status Flags
r-devel-linux-x86_64-debian-clang 1.0.2 2.40 19.60 22.00 OK
r-devel-linux-x86_64-debian-gcc 1.0.2 1.82 16.80 18.62 OK
r-devel-linux-x86_64-fedora-clang 1.0.2 31.84 NOTE
r-devel-linux-x86_64-fedora-gcc 1.0.2 30.58 NOTE
r-devel-windows-x86_64 1.0.2 4.00 38.00 42.00 OK
r-patched-linux-x86_64 1.0.2 2.34 18.40 20.74 OK
r-release-linux-x86_64 1.0.2 2.12 18.43 20.55 OK
r-release-macos-arm64 1.0.2 2.00 15.00 17.00 OK
r-release-macos-x86_64 1.0.2 2.00 22.00 24.00 OK
r-release-windows-x86_64 1.0.2 5.00 40.00 45.00 OK
r-oldrel-macos-arm64 1.0.2 1.00 15.00 16.00 OK
r-oldrel-macos-x86_64 1.0.2 2.00 19.00 21.00 OK
r-oldrel-windows-x86_64 1.0.2 5.00 44.00 49.00 OK

Check Details

Version: 1.0.2
Check: dependencies in R code
Result: NOTE Namespace in Imports field not imported from: ‘docstring’ All declared Imports should be used. Flavors: r-devel-linux-x86_64-fedora-clang, r-devel-linux-x86_64-fedora-gcc