CRAN Package Check Results for Package aggutils

Last updated on 2025-11-16 09:49:20 CET.

Flavor Version Tinstall Tcheck Ttotal Status Flags
r-devel-linux-x86_64-debian-clang 1.0.2 2.19 19.63 21.82 OK
r-devel-linux-x86_64-debian-gcc 1.0.2 1.74 16.66 18.40 OK
r-devel-linux-x86_64-fedora-clang 1.0.2 32.28 NOTE
r-devel-linux-x86_64-fedora-gcc 1.0.2 30.65 NOTE
r-devel-windows-x86_64 1.0.2 6.00 44.00 50.00 OK
r-patched-linux-x86_64 1.0.2 2.40 18.36 20.76 OK
r-release-linux-x86_64 1.0.2 2.38 18.36 20.74 OK
r-release-macos-arm64 1.0.2 2.00 15.00 17.00 OK
r-release-macos-x86_64 1.0.2 2.00 22.00 24.00 OK
r-release-windows-x86_64 1.0.2 6.00 38.00 44.00 OK
r-oldrel-macos-arm64 1.0.2 1.00 15.00 16.00 OK
r-oldrel-macos-x86_64 1.0.2 2.00 19.00 21.00 OK
r-oldrel-windows-x86_64 1.0.2 6.00 45.00 51.00 OK

Check Details

Version: 1.0.2
Check: dependencies in R code
Result: NOTE Namespace in Imports field not imported from: ‘docstring’ All declared Imports should be used. Flavors: r-devel-linux-x86_64-fedora-clang, r-devel-linux-x86_64-fedora-gcc