Last updated on 2025-11-02 10:50:35 CET.
| Flavor | Version | Tinstall | Tcheck | Ttotal | Status | Flags |
|---|---|---|---|---|---|---|
| r-devel-linux-x86_64-debian-clang | 1.0.1 | 68.09 | 375.23 | 443.32 | OK | |
| r-devel-linux-x86_64-debian-gcc | 1.0.1 | 43.44 | 255.42 | 298.86 | OK | |
| r-devel-linux-x86_64-fedora-clang | 1.0.1 | 95.00 | 596.68 | 691.68 | OK | |
| r-devel-linux-x86_64-fedora-gcc | 1.0.1 | 86.00 | 587.82 | 673.82 | OK | |
| r-devel-windows-x86_64 | 1.0.1 | 72.00 | 335.00 | 407.00 | OK | |
| r-patched-linux-x86_64 | 1.0.1 | 64.02 | 353.62 | 417.64 | OK | |
| r-release-linux-x86_64 | 1.0.1 | 66.68 | 351.98 | 418.66 | OK | |
| r-release-macos-arm64 | 1.0.1 | 27.00 | 123.00 | 150.00 | OK | |
| r-release-macos-x86_64 | 1.0.1 | 48.00 | 296.00 | 344.00 | OK | |
| r-release-windows-x86_64 | 1.0.1 | 70.00 | 332.00 | 402.00 | OK | |
| r-oldrel-macos-arm64 | 1.0.1 | 35.00 | 189.00 | 224.00 | NOTE | |
| r-oldrel-macos-x86_64 | 1.0.1 | 39.00 | 316.00 | 355.00 | NOTE | |
| r-oldrel-windows-x86_64 | 1.0.1 | 92.00 | 463.00 | 555.00 | OK |
Version: 1.0.1
Check: installed package size
Result: NOTE
installed size is 6.7Mb
sub-directories of 1Mb or more:
doc 1.6Mb
libs 4.3Mb
Flavors: r-oldrel-macos-arm64, r-oldrel-macos-x86_64