Last updated on 2025-10-26 10:49:45 CET.
| Flavor | Version | Tinstall | Tcheck | Ttotal | Status | Flags |
|---|---|---|---|---|---|---|
| r-devel-linux-x86_64-debian-clang | 1.0.1 | 68.23 | 367.81 | 436.04 | OK | |
| r-devel-linux-x86_64-debian-gcc | 1.0.1 | 40.39 | 248.64 | 289.03 | OK | |
| r-devel-linux-x86_64-fedora-clang | 1.0.1 | 87.00 | 606.50 | 693.50 | OK | |
| r-devel-linux-x86_64-fedora-gcc | 1.0.1 | 86.00 | 587.82 | 673.82 | OK | |
| r-devel-windows-x86_64 | 1.0.1 | 72.00 | 335.00 | 407.00 | OK | |
| r-patched-linux-x86_64 | 1.0.1 | 64.55 | 347.81 | 412.36 | OK | |
| r-release-linux-x86_64 | 1.0.1 | 62.84 | 347.44 | 410.28 | OK | |
| r-release-macos-arm64 | 1.0.1 | 27.00 | 123.00 | 150.00 | OK | |
| r-release-macos-x86_64 | 1.0.1 | 48.00 | 296.00 | 344.00 | OK | |
| r-release-windows-x86_64 | 1.0.1 | 76.00 | 335.00 | 411.00 | OK | |
| r-oldrel-macos-arm64 | 1.0.1 | 35.00 | 189.00 | 224.00 | NOTE | |
| r-oldrel-macos-x86_64 | 1.0.1 | 39.00 | 316.00 | 355.00 | NOTE | |
| r-oldrel-windows-x86_64 | 1.0.1 | 92.00 | 478.00 | 570.00 | OK |
Version: 1.0.1
Check: installed package size
Result: NOTE
installed size is 6.7Mb
sub-directories of 1Mb or more:
doc 1.6Mb
libs 4.3Mb
Flavors: r-oldrel-macos-arm64, r-oldrel-macos-x86_64