Last updated on 2024-04-28 10:53:47 CEST.
Flavor | Version | Tinstall | Tcheck | Ttotal | Status | Flags |
---|---|---|---|---|---|---|
r-devel-linux-x86_64-debian-clang | 0.8.5 | 35.42 | 136.96 | 172.38 | OK | |
r-devel-linux-x86_64-debian-gcc | 0.8.5 | 25.53 | 101.65 | 127.18 | OK | |
r-devel-linux-x86_64-fedora-clang | 0.8.5 | 216.34 | NOTE | |||
r-devel-linux-x86_64-fedora-gcc | 0.8.5 | 208.22 | NOTE | |||
r-devel-windows-x86_64 | 0.8.5 | 20.00 | 97.00 | 117.00 | OK | |
r-patched-linux-x86_64 | 0.8.5 | 31.11 | 131.39 | 162.50 | OK | |
r-release-linux-x86_64 | 0.8.5 | 24.57 | 132.89 | 157.46 | OK | |
r-release-macos-arm64 | 0.8.5 | 51.00 | OK | |||
r-release-windows-x86_64 | 0.8.5 | 19.00 | 98.00 | 117.00 | OK | |
r-oldrel-macos-arm64 | 0.8.5 | 41.00 | OK | |||
r-oldrel-macos-x86_64 | 0.8.5 | 67.00 | OK | |||
r-oldrel-windows-x86_64 | 0.8.5 | 24.00 | 119.00 | 143.00 | OK |
Version: 0.8.5
Check: dependencies in R code
Result: NOTE
Namespace in Imports field not imported from: ‘dplyr’
All declared Imports should be used.
Flavors: r-devel-linux-x86_64-fedora-clang, r-devel-linux-x86_64-fedora-gcc