Last updated on 2024-05-04 09:49:29 CEST.
Flavor | Version | Tinstall | Tcheck | Ttotal | Status | Flags |
---|---|---|---|---|---|---|
r-devel-linux-x86_64-debian-clang | 0.2.8 | 124.12 | 69.81 | 193.93 | NOTE | |
r-devel-linux-x86_64-debian-gcc | 0.2.8 | 90.95 | 51.33 | 142.28 | NOTE | |
r-devel-linux-x86_64-fedora-clang | 0.2.8 | 288.00 | NOTE | |||
r-devel-linux-x86_64-fedora-gcc | 0.2.8 | 289.12 | NOTE | |||
r-devel-windows-x86_64 | 0.2.8 | 100.00 | 99.00 | 199.00 | NOTE | |
r-patched-linux-x86_64 | 0.2.8 | 115.00 | 67.82 | 182.82 | NOTE | |
r-release-linux-x86_64 | 0.2.8 | 119.17 | 65.61 | 184.78 | NOTE | |
r-release-macos-arm64 | 0.2.8 | 75.00 | NOTE | |||
r-release-windows-x86_64 | 0.2.8 | 94.00 | 91.00 | 185.00 | NOTE | |
r-oldrel-macos-arm64 | 0.2.8 | 79.00 | NOTE | |||
r-oldrel-macos-x86_64 | 0.2.8 | 303.00 | NOTE | |||
r-oldrel-windows-x86_64 | 0.2.8 | 118.00 | 108.00 | 226.00 | NOTE |
Version: 0.2.8
Check: C++ specification
Result: NOTE
Specified C++11: please drop specification unless essential
Flavors: r-devel-linux-x86_64-debian-clang, r-devel-linux-x86_64-debian-gcc, r-devel-linux-x86_64-fedora-clang, r-devel-linux-x86_64-fedora-gcc, r-devel-windows-x86_64, r-patched-linux-x86_64, r-release-linux-x86_64, r-release-macos-arm64, r-release-windows-x86_64, r-oldrel-macos-arm64, r-oldrel-macos-x86_64, r-oldrel-windows-x86_64
Version: 0.2.8
Check: installed package size
Result: NOTE
installed size is 5.9Mb
sub-directories of 1Mb or more:
libs 4.4Mb
Flavors: r-release-macos-arm64, r-oldrel-macos-arm64, r-oldrel-macos-x86_64