Last updated on 2024-05-04 09:49:30 CEST.
Flavor | Version | Tinstall | Tcheck | Ttotal | Status | Flags |
---|---|---|---|---|---|---|
r-devel-linux-x86_64-debian-clang | 0.1.0 | 1008.09 | 186.40 | 1194.49 | NOTE | |
r-devel-linux-x86_64-debian-gcc | 0.1.0 | 957.15 | 194.04 | 1151.19 | NOTE | |
r-devel-linux-x86_64-fedora-clang | 0.1.0 | 1454.90 | NOTE | |||
r-devel-linux-x86_64-fedora-gcc | 0.1.0 | 1995.42 | NOTE | |||
r-devel-windows-x86_64 | 0.1.0 | 751.00 | 210.00 | 961.00 | NOTE | |
r-patched-linux-x86_64 | 0.1.0 | 770.95 | 248.51 | 1019.46 | NOTE | |
r-release-linux-x86_64 | 0.1.0 | 865.68 | 255.47 | 1121.15 | NOTE | |
r-release-macos-arm64 | 0.1.0 | 350.00 | NOTE | |||
r-release-windows-x86_64 | 0.1.0 | 732.00 | 203.00 | 935.00 | NOTE | |
r-oldrel-macos-arm64 | 0.1.0 | 362.00 | NOTE | |||
r-oldrel-macos-x86_64 | 0.1.0 | 548.00 | NOTE | |||
r-oldrel-windows-x86_64 | 0.1.0 | 976.00 | 268.00 | 1244.00 | NOTE |
Version: 0.1.0
Check: for GNU extensions in Makefiles
Result: NOTE
GNU make is a SystemRequirements.
Flavors: r-devel-linux-x86_64-debian-clang, r-devel-linux-x86_64-debian-gcc, r-devel-linux-x86_64-fedora-clang, r-devel-linux-x86_64-fedora-gcc, r-devel-windows-x86_64, r-patched-linux-x86_64, r-release-linux-x86_64, r-release-macos-arm64, r-release-windows-x86_64, r-oldrel-macos-arm64, r-oldrel-macos-x86_64, r-oldrel-windows-x86_64
Version: 0.1.0
Check: installed package size
Result: NOTE
installed size is 8.4Mb
sub-directories of 1Mb or more:
libs 7.8Mb
Flavors: r-devel-linux-x86_64-fedora-clang, r-devel-windows-x86_64, r-release-macos-arm64, r-release-windows-x86_64, r-oldrel-macos-arm64, r-oldrel-macos-x86_64, r-oldrel-windows-x86_64
Version: 0.1.0
Check: dependencies in R code
Result: NOTE
Namespaces in Imports field not imported from:
‘RcppParallel’ ‘rstantools’
All declared Imports should be used.
Flavors: r-devel-linux-x86_64-fedora-clang, r-devel-linux-x86_64-fedora-gcc