Last updated on 2024-05-04 09:49:30 CEST.
Flavor | Version | Tinstall | Tcheck | Ttotal | Status | Flags |
---|---|---|---|---|---|---|
r-devel-linux-x86_64-debian-clang | 1.0.0 | 17.73 | 113.77 | 131.50 | OK | |
r-devel-linux-x86_64-debian-gcc | 1.0.0 | 10.88 | 83.78 | 94.66 | OK | |
r-devel-linux-x86_64-fedora-clang | 1.0.0 | 166.03 | NOTE | |||
r-devel-linux-x86_64-fedora-gcc | 1.0.0 | 154.86 | NOTE | |||
r-devel-windows-x86_64 | 1.0.0 | 15.00 | 101.00 | 116.00 | OK | |
r-patched-linux-x86_64 | 1.0.0 | 13.39 | 110.25 | 123.64 | OK | |
r-release-linux-x86_64 | 1.0.0 | 9.24 | 107.24 | 116.48 | OK | |
r-release-macos-arm64 | 1.0.0 | 45.00 | OK | |||
r-release-windows-x86_64 | 1.0.0 | 12.00 | 93.00 | 105.00 | OK | |
r-oldrel-macos-arm64 | 1.0.0 | 50.00 | OK | |||
r-oldrel-macos-x86_64 | 1.0.0 | 89.00 | OK | |||
r-oldrel-windows-x86_64 | 1.0.0 | 17.00 | 118.00 | 135.00 | OK |
Version: 1.0.0
Check: data for non-ASCII characters
Result: NOTE
Note: found 21550 marked UTF-8 strings
Flavors: r-devel-linux-x86_64-fedora-clang, r-devel-linux-x86_64-fedora-gcc