Last updated on 2024-05-04 09:49:30 CEST.
Flavor | Version | Tinstall | Tcheck | Ttotal | Status | Flags |
---|---|---|---|---|---|---|
r-devel-linux-x86_64-debian-clang | 0.5.0 | 17.18 | 388.52 | 405.70 | OK | |
r-devel-linux-x86_64-debian-gcc | 0.5.0 | 13.60 | 295.12 | 308.72 | OK | |
r-devel-linux-x86_64-fedora-clang | 0.5.0 | 516.21 | NOTE | |||
r-devel-linux-x86_64-fedora-gcc | 0.5.0 | 539.08 | NOTE | |||
r-devel-windows-x86_64 | 0.5.0 | 15.00 | 288.00 | 303.00 | OK | |
r-patched-linux-x86_64 | 0.5.0 | 12.44 | 379.20 | 391.64 | OK | |
r-release-linux-x86_64 | 0.5.0 | 9.44 | 392.62 | 402.06 | OK | |
r-release-macos-arm64 | 0.5.0 | 137.00 | OK | |||
r-release-windows-x86_64 | 0.5.0 | 13.00 | 298.00 | 311.00 | OK | |
r-oldrel-macos-arm64 | 0.5.0 | 196.00 | OK | |||
r-oldrel-macos-x86_64 | 0.5.0 | 305.00 | OK | |||
r-oldrel-windows-x86_64 | 0.5.0 | 19.00 | 393.00 | 412.00 | OK |
Version: 0.5.0
Check: data for non-ASCII characters
Result: NOTE
Note: found 58 marked UTF-8 strings
Flavors: r-devel-linux-x86_64-fedora-clang, r-devel-linux-x86_64-fedora-gcc