Last updated on 2024-05-02 10:48:38 CEST.
Flavor | Version | Tinstall | Tcheck | Ttotal | Status | Flags |
---|---|---|---|---|---|---|
r-devel-linux-x86_64-debian-clang | 0.2.1 | 3.52 | 55.16 | 58.68 | NOTE | |
r-devel-linux-x86_64-debian-gcc | 0.2.1 | 2.75 | 40.60 | 43.35 | NOTE | |
r-devel-linux-x86_64-fedora-clang | 0.2.1 | 73.86 | NOTE | |||
r-devel-linux-x86_64-fedora-gcc | 0.2.1 | 83.27 | NOTE | |||
r-devel-windows-x86_64 | 0.2.1 | 7.00 | 64.00 | 71.00 | NOTE | |
r-patched-linux-x86_64 | 0.2.1 | 3.27 | 51.94 | 55.21 | NOTE | |
r-release-linux-x86_64 | 0.2.1 | 3.66 | 53.76 | 57.42 | NOTE | |
r-release-macos-arm64 | 0.2.1 | 32.00 | NOTE | |||
r-release-macos-x86_64 | 0.2.1 | 69.00 | NOTE | |||
r-release-windows-x86_64 | 0.2.1 | 7.00 | 64.00 | 71.00 | NOTE | |
r-oldrel-macos-arm64 | 0.2.1 | 37.00 | NOTE | |||
r-oldrel-macos-x86_64 | 0.2.1 | 63.00 | NOTE | |||
r-oldrel-windows-x86_64 | 0.2.1 | 7.00 | 74.00 | 81.00 | NOTE |
Version: 0.2.1
Check: package dependencies
Result: NOTE
Package suggested but not available for checking: ‘rnaturalearthhires’
Flavors: r-devel-linux-x86_64-debian-clang, r-devel-linux-x86_64-debian-gcc, r-devel-linux-x86_64-fedora-clang, r-devel-linux-x86_64-fedora-gcc, r-devel-windows-x86_64, r-patched-linux-x86_64, r-release-linux-x86_64, r-release-macos-arm64, r-release-macos-x86_64, r-release-windows-x86_64, r-oldrel-macos-arm64, r-oldrel-macos-x86_64, r-oldrel-windows-x86_64