Last updated on 2024-05-04 09:49:30 CEST.
Flavor | Version | Tinstall | Tcheck | Ttotal | Status | Flags |
---|---|---|---|---|---|---|
r-devel-linux-x86_64-debian-clang | 0.1.4 | 6.68 | 69.89 | 76.57 | NOTE | |
r-devel-linux-x86_64-debian-gcc | 0.1.4 | 6.51 | 53.16 | 59.67 | NOTE | |
r-devel-linux-x86_64-fedora-clang | 0.1.4 | 100.88 | NOTE | |||
r-devel-linux-x86_64-fedora-gcc | 0.1.4 | 92.47 | NOTE | |||
r-devel-windows-x86_64 | 0.1.4 | 9.00 | 75.00 | 84.00 | NOTE | |
r-patched-linux-x86_64 | 0.1.4 | 6.94 | 67.79 | 74.73 | NOTE | |
r-release-linux-x86_64 | 0.1.4 | 5.00 | 66.90 | 71.90 | NOTE | |
r-release-macos-arm64 | 0.1.4 | 32.00 | NOTE | |||
r-release-windows-x86_64 | 0.1.4 | 8.00 | 74.00 | 82.00 | NOTE | |
r-oldrel-macos-arm64 | 0.1.4 | 32.00 | NOTE | |||
r-oldrel-macos-x86_64 | 0.1.4 | 46.00 | NOTE | |||
r-oldrel-windows-x86_64 | 0.1.4 | 10.00 | 91.00 | 101.00 | NOTE |
Version: 0.1.4
Check: LazyData
Result: NOTE
'LazyData' is specified without a 'data' directory
Flavors: r-devel-linux-x86_64-debian-clang, r-devel-linux-x86_64-debian-gcc, r-devel-linux-x86_64-fedora-clang, r-devel-linux-x86_64-fedora-gcc, r-devel-windows-x86_64, r-patched-linux-x86_64, r-release-linux-x86_64, r-release-macos-arm64, r-release-windows-x86_64, r-oldrel-macos-arm64, r-oldrel-macos-x86_64, r-oldrel-windows-x86_64
Version: 0.1.4
Check: dependencies in R code
Result: NOTE
Namespaces in Imports field not imported from:
‘broom’ ‘epitools’
All declared Imports should be used.
Flavors: r-devel-linux-x86_64-fedora-clang, r-devel-linux-x86_64-fedora-gcc