Last updated on 2024-05-04 09:49:31 CEST.
Flavor | Version | Tinstall | Tcheck | Ttotal | Status | Flags |
---|---|---|---|---|---|---|
r-devel-linux-x86_64-debian-clang | 1.3 | 3.46 | 27.44 | 30.90 | NOTE | |
r-devel-linux-x86_64-debian-gcc | 1.3 | 2.61 | 20.34 | 22.95 | NOTE | |
r-devel-linux-x86_64-fedora-clang | 1.3 | 37.46 | NOTE | |||
r-devel-linux-x86_64-fedora-gcc | 1.3 | 40.84 | NOTE | |||
r-devel-windows-x86_64 | 1.3 | 4.00 | 41.00 | 45.00 | NOTE | |
r-patched-linux-x86_64 | 1.3 | 3.20 | 25.76 | 28.96 | NOTE | |
r-release-linux-x86_64 | 1.3 | 2.75 | 26.19 | 28.94 | NOTE | |
r-release-macos-arm64 | 1.3 | 15.00 | NOTE | |||
r-release-windows-x86_64 | 1.3 | 3.00 | 43.00 | 46.00 | NOTE | |
r-oldrel-macos-arm64 | 1.3 | 15.00 | NOTE | |||
r-oldrel-macos-x86_64 | 1.3 | 21.00 | NOTE | |||
r-oldrel-windows-x86_64 | 1.3 | 3.00 | 44.00 | 47.00 | NOTE |
Version: 1.3
Check: LazyData
Result: NOTE
'LazyData' is specified without a 'data' directory
Flavors: r-devel-linux-x86_64-debian-clang, r-devel-linux-x86_64-debian-gcc, r-devel-linux-x86_64-fedora-clang, r-devel-linux-x86_64-fedora-gcc, r-devel-windows-x86_64, r-patched-linux-x86_64, r-release-linux-x86_64, r-release-macos-arm64, r-release-windows-x86_64, r-oldrel-macos-arm64, r-oldrel-macos-x86_64, r-oldrel-windows-x86_64