Last updated on 2024-05-02 10:48:41 CEST.
Flavor | Version | Tinstall | Tcheck | Ttotal | Status | Flags |
---|---|---|---|---|---|---|
r-devel-linux-x86_64-debian-clang | 0.1.6 | 6.83 | 55.59 | 62.42 | NOTE | |
r-devel-linux-x86_64-debian-gcc | 0.1.6 | 3.85 | 41.02 | 44.87 | NOTE | |
r-devel-linux-x86_64-fedora-clang | 0.1.6 | 79.03 | NOTE | |||
r-devel-linux-x86_64-fedora-gcc | 0.1.6 | 73.26 | NOTE | |||
r-devel-windows-x86_64 | 0.1.6 | 7.00 | 72.00 | 79.00 | NOTE | |
r-patched-linux-x86_64 | 0.1.6 | 6.22 | 51.99 | 58.21 | NOTE | |
r-release-linux-x86_64 | 0.1.6 | 6.10 | 53.62 | 59.72 | NOTE | |
r-release-macos-arm64 | 0.1.6 | 31.00 | NOTE | |||
r-release-windows-x86_64 | 0.1.6 | 7.00 | 72.00 | 79.00 | NOTE | |
r-oldrel-macos-arm64 | 0.1.6 | 34.00 | OK | |||
r-oldrel-macos-x86_64 | 0.1.6 | 47.00 | OK | |||
r-oldrel-windows-x86_64 | 0.1.6 | 7.00 | 80.00 | 87.00 | OK |
Version: 0.1.6
Check: Rd files
Result: NOTE
checkRd: (-1) store_in_DB.Rd:89: Lost braces
89 | link{read_from_DB} function. Those parameters define rows and columns that will be returned.
| ^
checkRd: (-1) unite_two_DF.Rd:46: Lost braces; missing escapes or markup?
46 | \code{data1.shared.var} and {data2.shared.var} must contain unique values within its own data frame.
| ^
Flavors: r-devel-linux-x86_64-debian-clang, r-devel-linux-x86_64-debian-gcc, r-devel-linux-x86_64-fedora-clang, r-devel-linux-x86_64-fedora-gcc, r-devel-windows-x86_64, r-patched-linux-x86_64, r-release-linux-x86_64, r-release-macos-arm64, r-release-windows-x86_64