Last updated on 2024-05-04 09:49:33 CEST.
Flavor | Version | Tinstall | Tcheck | Ttotal | Status | Flags |
---|---|---|---|---|---|---|
r-devel-linux-x86_64-debian-clang | 1.0.3.1 | 14.79 | 31.81 | 46.60 | OK | |
r-devel-linux-x86_64-debian-gcc | 1.0.3.1 | 12.67 | 24.56 | 37.23 | OK | |
r-devel-linux-x86_64-fedora-clang | 1.0.3.1 | 58.10 | NOTE | |||
r-devel-linux-x86_64-fedora-gcc | 1.0.3.1 | 53.82 | OK | |||
r-devel-windows-x86_64 | 1.0.3.1 | 20.00 | 58.00 | 78.00 | NOTE | |
r-patched-linux-x86_64 | 1.0.3.1 | 11.39 | 30.66 | 42.05 | OK | |
r-release-linux-x86_64 | 1.0.3.1 | 11.22 | 29.97 | 41.19 | OK | |
r-release-macos-arm64 | 1.0.3.1 | 25.00 | NOTE | |||
r-release-windows-x86_64 | 1.0.3.1 | 18.00 | 60.00 | 78.00 | NOTE | |
r-oldrel-macos-arm64 | 1.0.3.1 | 25.00 | NOTE | |||
r-oldrel-macos-x86_64 | 1.0.3.1 | 40.00 | NOTE | |||
r-oldrel-windows-x86_64 | 1.0.3.1 | 17.00 | 69.00 | 86.00 | NOTE |
Version: 1.0.3.1
Check: installed package size
Result: NOTE
installed size is 16.6Mb
sub-directories of 1Mb or more:
include 16.3Mb
Flavors: r-devel-linux-x86_64-fedora-clang, r-devel-windows-x86_64, r-release-macos-arm64, r-release-windows-x86_64, r-oldrel-macos-arm64, r-oldrel-macos-x86_64, r-oldrel-windows-x86_64