Last updated on 2024-05-04 09:49:33 CEST.
Flavor | Version | Tinstall | Tcheck | Ttotal | Status | Flags |
---|---|---|---|---|---|---|
r-devel-linux-x86_64-debian-clang | 1.0.0 | 2.05 | 24.40 | 26.45 | NOTE | |
r-devel-linux-x86_64-debian-gcc | 1.0.0 | 1.82 | 18.98 | 20.80 | NOTE | |
r-devel-linux-x86_64-fedora-clang | 1.0.0 | 34.28 | NOTE | |||
r-devel-linux-x86_64-fedora-gcc | 1.0.0 | 32.40 | NOTE | |||
r-devel-windows-x86_64 | 1.0.0 | 3.00 | 42.00 | 45.00 | NOTE | |
r-patched-linux-x86_64 | 1.0.0 | 2.21 | 23.69 | 25.90 | NOTE | |
r-release-linux-x86_64 | 1.0.0 | 1.94 | 23.88 | 25.82 | NOTE | |
r-release-macos-arm64 | 1.0.0 | 15.00 | NOTE | |||
r-release-windows-x86_64 | 1.0.0 | 4.00 | 43.00 | 47.00 | NOTE | |
r-oldrel-macos-arm64 | 1.0.0 | 16.00 | NOTE | |||
r-oldrel-macos-x86_64 | 1.0.0 | 22.00 | NOTE | |||
r-oldrel-windows-x86_64 | 1.0.0 | 4.00 | 43.00 | 47.00 | NOTE |
Version: 1.0.0
Check: LazyData
Result: NOTE
'LazyData' is specified without a 'data' directory
Flavors: r-devel-linux-x86_64-debian-clang, r-devel-linux-x86_64-debian-gcc, r-devel-linux-x86_64-fedora-clang, r-devel-linux-x86_64-fedora-gcc, r-devel-windows-x86_64, r-patched-linux-x86_64, r-release-linux-x86_64, r-release-macos-arm64, r-release-windows-x86_64, r-oldrel-macos-arm64, r-oldrel-macos-x86_64, r-oldrel-windows-x86_64
Version: 1.0.0
Check: for non-standard things in the check directory
Result: NOTE
Found the following files/directories:
‘drawBox.pdf’ ‘drawCircle.pdf’ ‘drawCurve.pdf’ ‘drawLine.pdf’
‘drawPoint.pdf’ ‘drawSettingsExample.pdf’ ‘drawText.pdf’ ‘export.pdf’
Flavors: r-devel-linux-x86_64-debian-clang, r-devel-linux-x86_64-debian-gcc, r-devel-linux-x86_64-fedora-clang, r-devel-linux-x86_64-fedora-gcc, r-patched-linux-x86_64, r-release-linux-x86_64