Last updated on 2024-05-04 09:49:33 CEST.
Flavor | Version | Tinstall | Tcheck | Ttotal | Status | Flags |
---|---|---|---|---|---|---|
r-devel-linux-x86_64-debian-clang | 1.0.4 | 10.37 | 121.83 | 132.20 | NOTE | |
r-devel-linux-x86_64-debian-gcc | 1.0.4 | 9.06 | 93.20 | 102.26 | NOTE | |
r-devel-linux-x86_64-fedora-clang | 1.0.4 | 171.54 | NOTE | |||
r-devel-linux-x86_64-fedora-gcc | 1.0.4 | 159.30 | NOTE | |||
r-devel-windows-x86_64 | 1.0.4 | 10.00 | 106.00 | 116.00 | NOTE | |
r-patched-linux-x86_64 | 1.0.4 | 9.57 | 117.83 | 127.40 | NOTE | |
r-release-linux-x86_64 | 1.0.4 | 10.44 | 119.70 | 130.14 | NOTE | |
r-release-macos-arm64 | 1.0.4 | 53.00 | NOTE | |||
r-release-windows-x86_64 | 1.0.4 | 10.00 | 107.00 | 117.00 | NOTE | |
r-oldrel-macos-arm64 | 1.0.4 | 57.00 | NOTE | |||
r-oldrel-macos-x86_64 | 1.0.4 | 93.00 | NOTE | |||
r-oldrel-windows-x86_64 | 1.0.4 | 13.00 | 131.00 | 144.00 | NOTE |
Version: 1.0.4
Check: package dependencies
Result: NOTE
Package suggested but not available for checking: ‘lle’
Flavors: r-devel-linux-x86_64-debian-clang, r-devel-linux-x86_64-debian-gcc, r-devel-linux-x86_64-fedora-clang, r-devel-linux-x86_64-fedora-gcc, r-devel-windows-x86_64, r-patched-linux-x86_64, r-release-linux-x86_64, r-release-macos-arm64, r-release-windows-x86_64, r-oldrel-macos-arm64, r-oldrel-macos-x86_64, r-oldrel-windows-x86_64
Version: 1.0.4
Check: LazyData
Result: NOTE
'LazyData' is specified without a 'data' directory
Flavors: r-devel-linux-x86_64-debian-clang, r-devel-linux-x86_64-debian-gcc, r-devel-linux-x86_64-fedora-clang, r-devel-linux-x86_64-fedora-gcc, r-devel-windows-x86_64, r-patched-linux-x86_64, r-release-linux-x86_64, r-release-macos-arm64, r-release-windows-x86_64, r-oldrel-macos-arm64, r-oldrel-macos-x86_64, r-oldrel-windows-x86_64