Last updated on 2024-05-04 09:49:33 CEST.
Flavor | Version | Tinstall | Tcheck | Ttotal | Status | Flags |
---|---|---|---|---|---|---|
r-devel-linux-x86_64-debian-clang | 0.1.1 | 21.71 | 46.85 | 68.56 | OK | |
r-devel-linux-x86_64-debian-gcc | 0.1.1 | 17.04 | 35.22 | 52.26 | OK | |
r-devel-linux-x86_64-fedora-clang | 0.1.1 | 101.60 | NOTE | |||
r-devel-linux-x86_64-fedora-gcc | 0.1.1 | 90.91 | NOTE | |||
r-devel-windows-x86_64 | 0.1.1 | 20.00 | 74.00 | 94.00 | OK | |
r-patched-linux-x86_64 | 0.1.1 | 20.40 | 44.61 | 65.01 | OK | |
r-release-linux-x86_64 | 0.1.1 | 25.59 | 44.46 | 70.05 | OK | |
r-release-macos-arm64 | 0.1.1 | 26.00 | OK | |||
r-release-windows-x86_64 | 0.1.1 | 21.00 | 69.00 | 90.00 | OK | |
r-oldrel-macos-arm64 | 0.1.1 | 34.00 | OK | |||
r-oldrel-macos-x86_64 | 0.1.1 | 71.00 | OK | |||
r-oldrel-windows-x86_64 | 0.1.1 | 19.00 | 86.00 | 105.00 | OK |
Version: 0.1.1
Check: data for non-ASCII characters
Result: NOTE
Note: found 42 marked UTF-8 strings
Flavors: r-devel-linux-x86_64-fedora-clang, r-devel-linux-x86_64-fedora-gcc