Last updated on 2024-05-04 09:49:33 CEST.
Flavor | Version | Tinstall | Tcheck | Ttotal | Status | Flags |
---|---|---|---|---|---|---|
r-devel-linux-x86_64-debian-clang | 1.0.4 | 40.30 | 38.76 | 79.06 | NOTE | |
r-devel-linux-x86_64-debian-gcc | 1.0.4 | 28.74 | 29.77 | 58.51 | NOTE | |
r-devel-linux-x86_64-fedora-clang | 1.0.4 | 109.46 | NOTE | |||
r-devel-linux-x86_64-fedora-gcc | 1.0.4 | 119.77 | NOTE | |||
r-devel-windows-x86_64 | 1.0.4 | 32.00 | 76.00 | 108.00 | NOTE | |
r-patched-linux-x86_64 | 1.0.4 | 35.55 | 36.40 | 71.95 | NOTE | |
r-release-linux-x86_64 | 1.0.4 | 38.13 | 37.36 | 75.49 | NOTE | |
r-release-macos-arm64 | 1.0.4 | 35.00 | NOTE | |||
r-release-windows-x86_64 | 1.0.4 | 31.00 | 73.00 | 104.00 | NOTE | |
r-oldrel-macos-arm64 | 1.0.4 | 37.00 | NOTE | |||
r-oldrel-macos-x86_64 | 1.0.4 | 59.00 | NOTE | |||
r-oldrel-windows-x86_64 | 1.0.4 | 40.00 | 82.00 | 122.00 | NOTE |
Version: 1.0.4
Check: C++ specification
Result: NOTE
Specified C++11: please drop specification unless essential
Flavors: r-devel-linux-x86_64-debian-clang, r-devel-linux-x86_64-debian-gcc, r-devel-linux-x86_64-fedora-clang, r-devel-linux-x86_64-fedora-gcc, r-devel-windows-x86_64, r-patched-linux-x86_64, r-release-linux-x86_64, r-release-macos-arm64, r-release-windows-x86_64, r-oldrel-macos-arm64, r-oldrel-macos-x86_64, r-oldrel-windows-x86_64