Last updated on 2024-05-04 09:49:34 CEST.
Flavor | Version | Tinstall | Tcheck | Ttotal | Status | Flags |
---|---|---|---|---|---|---|
r-devel-linux-x86_64-debian-clang | 1.2.33 | 4.31 | 34.83 | 39.14 | OK | |
r-devel-linux-x86_64-debian-gcc | 1.2.33 | 2.85 | 26.93 | 29.78 | OK | |
r-devel-linux-x86_64-fedora-clang | 1.2.33 | 50.18 | NOTE | |||
r-devel-linux-x86_64-fedora-gcc | 1.2.33 | 46.29 | NOTE | |||
r-devel-windows-x86_64 | 1.2.33 | 5.00 | 56.00 | 61.00 | OK | |
r-patched-linux-x86_64 | 1.2.33 | 3.94 | 33.58 | 37.52 | OK | |
r-release-linux-x86_64 | 1.2.33 | 2.18 | 34.49 | 36.67 | OK | |
r-release-macos-arm64 | 1.2.33 | 25.00 | OK | |||
r-release-windows-x86_64 | 1.2.33 | 4.00 | 98.00 | 102.00 | OK | |
r-oldrel-macos-arm64 | 1.2.33 | 24.00 | OK | |||
r-oldrel-macos-x86_64 | 1.2.33 | 32.00 | OK | |||
r-oldrel-windows-x86_64 | 1.2.33 | 6.00 | 56.00 | 62.00 | OK |
Version: 1.2.33
Check: data for non-ASCII characters
Result: NOTE
Note: found 10 marked UTF-8 strings
Flavors: r-devel-linux-x86_64-fedora-clang, r-devel-linux-x86_64-fedora-gcc