Last updated on 2024-05-04 09:49:35 CEST.
Flavor | Version | Tinstall | Tcheck | Ttotal | Status | Flags |
---|---|---|---|---|---|---|
r-devel-linux-x86_64-debian-clang | 0.9 | 105.61 | 75.35 | 180.96 | OK | |
r-devel-linux-x86_64-debian-gcc | 0.9 | 84.15 | 54.15 | 138.30 | OK | |
r-devel-linux-x86_64-fedora-clang | 0.9 | 244.79 | OK | |||
r-devel-linux-x86_64-fedora-gcc | 0.9 | 249.64 | OK | |||
r-devel-windows-x86_64 | 0.9 | 77.00 | 97.00 | 174.00 | OK | |
r-patched-linux-x86_64 | 0.9 | 105.60 | 70.55 | 176.15 | OK | |
r-release-linux-x86_64 | 0.9 | 102.97 | 71.25 | 174.22 | OK | |
r-release-macos-arm64 | 0.9 | 53.00 | NOTE | |||
r-release-windows-x86_64 | 0.9 | 74.00 | 94.00 | 168.00 | OK | |
r-oldrel-macos-arm64 | 0.9 | 63.00 | NOTE | |||
r-oldrel-macos-x86_64 | 0.9 | 110.00 | NOTE | |||
r-oldrel-windows-x86_64 | 0.9 | 93.00 | 110.00 | 203.00 | OK |
Version: 0.9
Check: installed package size
Result: NOTE
installed size is 7.3Mb
sub-directories of 1Mb or more:
libs 7.0Mb
Flavors: r-release-macos-arm64, r-oldrel-macos-arm64, r-oldrel-macos-x86_64