Last updated on 2024-05-04 09:49:35 CEST.
Flavor | Version | Tinstall | Tcheck | Ttotal | Status | Flags |
---|---|---|---|---|---|---|
r-devel-linux-x86_64-debian-clang | 2.0.0 | 12.69 | 141.47 | 154.16 | OK | |
r-devel-linux-x86_64-debian-gcc | 2.0.0 | 10.08 | 98.49 | 108.57 | OK | |
r-devel-linux-x86_64-fedora-clang | 2.0.0 | 192.02 | NOTE | |||
r-devel-linux-x86_64-fedora-gcc | 2.0.0 | 196.29 | NOTE | |||
r-devel-windows-x86_64 | 2.0.0 | 12.00 | 120.00 | 132.00 | OK | |
r-patched-linux-x86_64 | 2.0.0 | 11.09 | 131.91 | 143.00 | OK | |
r-release-linux-x86_64 | 2.0.0 | 10.76 | 133.34 | 144.10 | OK | |
r-release-macos-arm64 | 2.0.0 | 59.00 | OK | |||
r-release-windows-x86_64 | 2.0.0 | 12.00 | 118.00 | 130.00 | OK | |
r-oldrel-macos-arm64 | 2.0.0 | 71.00 | OK | |||
r-oldrel-macos-x86_64 | 2.0.0 | 134.00 | OK | |||
r-oldrel-windows-x86_64 | 2.0.0 | 14.00 | 141.00 | 155.00 | OK |
Version: 2.0.0
Check: data for non-ASCII characters
Result: NOTE
Note: found 4828 marked UTF-8 strings
Flavors: r-devel-linux-x86_64-fedora-clang, r-devel-linux-x86_64-fedora-gcc