Last updated on 2024-04-27 10:51:01 CEST.
Flavor | Version | Tinstall | Tcheck | Ttotal | Status | Flags |
---|---|---|---|---|---|---|
r-devel-linux-x86_64-debian-clang | 1.2.11 | 16.13 | 254.23 | 270.36 | NOTE | |
r-devel-linux-x86_64-debian-gcc | 1.2.11 | 13.98 | 190.13 | 204.11 | NOTE | |
r-devel-linux-x86_64-fedora-clang | 1.2.11 | 383.40 | NOTE | |||
r-devel-linux-x86_64-fedora-gcc | 1.2.11 | 376.51 | NOTE | |||
r-devel-windows-x86_64 | 1.2.11 | 18.00 | 299.00 | 317.00 | NOTE | |
r-patched-linux-x86_64 | 1.2.11 | 24.93 | 244.43 | 269.36 | NOTE | |
r-release-linux-x86_64 | 1.2.11 | 19.60 | 249.81 | 269.41 | NOTE | |
r-release-macos-arm64 | 1.2.11 | 89.00 | NOTE | |||
r-release-windows-x86_64 | 1.2.11 | 17.00 | 307.00 | 324.00 | NOTE | |
r-oldrel-macos-arm64 | 1.2.11 | 90.00 | NOTE | |||
r-oldrel-macos-x86_64 | 1.2.11 | 175.00 | NOTE | |||
r-oldrel-windows-x86_64 | 1.2.11 | 22.00 | 317.00 | 339.00 | NOTE |
Version: 1.2.11
Check: package dependencies
Result: NOTE
Package suggested but not available for checking: ‘lixoftConnectors’
Flavors: r-devel-linux-x86_64-debian-clang, r-devel-linux-x86_64-debian-gcc, r-devel-linux-x86_64-fedora-clang, r-devel-linux-x86_64-fedora-gcc, r-devel-windows-x86_64, r-patched-linux-x86_64, r-release-linux-x86_64, r-release-macos-arm64, r-release-windows-x86_64, r-oldrel-macos-arm64, r-oldrel-macos-x86_64, r-oldrel-windows-x86_64
Version: 1.2.11
Check: installed package size
Result: NOTE
installed size is 9.0Mb
sub-directories of 1Mb or more:
doc 1.1Mb
help 2.4Mb
testdata 4.8Mb
Flavors: r-devel-linux-x86_64-fedora-clang, r-devel-windows-x86_64, r-release-macos-arm64, r-release-windows-x86_64, r-oldrel-macos-arm64, r-oldrel-macos-x86_64, r-oldrel-windows-x86_64