CRAN Package Check Results for Package ggplotAssist

Last updated on 2025-07-27 10:49:21 CEST.

Flavor Version Tinstall Tcheck Ttotal Status Flags
r-devel-linux-x86_64-debian-clang 0.1.3 9.54 69.56 79.10 OK
r-devel-linux-x86_64-debian-gcc 0.1.3 6.01 49.35 55.36 OK
r-devel-linux-x86_64-fedora-clang 0.1.3 126.95 NOTE
r-devel-linux-x86_64-fedora-gcc 0.1.3 119.20 NOTE
r-devel-windows-x86_64 0.1.3 11.00 90.00 101.00 OK
r-patched-linux-x86_64 0.1.3 8.84 62.29 71.13 OK
r-release-linux-x86_64 0.1.3 8.59 62.17 70.76 OK
r-release-macos-arm64 0.1.3 39.00 OK
r-release-macos-x86_64 0.1.3 76.00 OK
r-release-windows-x86_64 0.1.3 10.00 78.00 88.00 OK
r-oldrel-macos-arm64 0.1.3 37.00 NOTE
r-oldrel-macos-x86_64 0.1.3 63.00 NOTE
r-oldrel-windows-x86_64 0.1.3 14.00 98.00 112.00 NOTE

Check Details

Version: 0.1.3
Check: dependencies in R code
Result: NOTE Namespaces in Imports field not imported from: ‘gcookbook’ ‘ggthemes’ ‘moonBook’ ‘tidyverse’ All declared Imports should be used. Flavors: r-devel-linux-x86_64-fedora-clang, r-devel-linux-x86_64-fedora-gcc

Version: 0.1.3
Check: LazyData
Result: NOTE 'LazyData' is specified without a 'data' directory Flavors: r-oldrel-macos-arm64, r-oldrel-macos-x86_64, r-oldrel-windows-x86_64