Last updated on 2024-05-02 10:48:44 CEST.
Flavor | Version | Tinstall | Tcheck | Ttotal | Status | Flags |
---|---|---|---|---|---|---|
r-devel-linux-x86_64-debian-clang | 0.1 | 6.08 | 48.44 | 54.52 | NOTE | |
r-devel-linux-x86_64-debian-gcc | 0.1 | 4.39 | 35.83 | 40.22 | NOTE | |
r-devel-linux-x86_64-fedora-clang | 0.1 | 68.67 | NOTE | |||
r-devel-linux-x86_64-fedora-gcc | 0.1 | 66.52 | NOTE | |||
r-devel-windows-x86_64 | 0.1 | 6.00 | 55.00 | 61.00 | NOTE | |
r-patched-linux-x86_64 | 0.1 | 5.41 | 46.07 | 51.48 | NOTE | |
r-release-linux-x86_64 | 0.1 | 5.23 | 44.86 | 50.09 | NOTE | |
r-release-macos-arm64 | 0.1 | 21.00 | NOTE | |||
r-release-windows-x86_64 | 0.1 | 6.00 | 55.00 | 61.00 | NOTE | |
r-oldrel-macos-arm64 | 0.1 | 25.00 | NOTE | |||
r-oldrel-macos-x86_64 | 0.1 | 35.00 | NOTE | |||
r-oldrel-windows-x86_64 | 0.1 | 9.00 | 59.00 | 68.00 | NOTE |
Version: 0.1
Check: LazyData
Result: NOTE
'LazyData' is specified without a 'data' directory
Flavors: r-devel-linux-x86_64-debian-clang, r-devel-linux-x86_64-debian-gcc, r-devel-linux-x86_64-fedora-clang, r-devel-linux-x86_64-fedora-gcc, r-devel-windows-x86_64, r-patched-linux-x86_64, r-release-linux-x86_64, r-release-macos-arm64, r-release-windows-x86_64, r-oldrel-macos-arm64, r-oldrel-macos-x86_64, r-oldrel-windows-x86_64