Last updated on 2024-05-04 09:49:36 CEST.
Flavor | Version | Tinstall | Tcheck | Ttotal | Status | Flags |
---|---|---|---|---|---|---|
r-devel-linux-x86_64-debian-clang | 1.0-3.1 | 11.94 | 86.79 | 98.73 | NOTE | |
r-devel-linux-x86_64-debian-gcc | 1.0-3.1 | 9.76 | 65.08 | 74.84 | NOTE | |
r-devel-linux-x86_64-fedora-clang | 1.0-3.1 | 126.86 | NOTE | |||
r-devel-linux-x86_64-fedora-gcc | 1.0-3.1 | 134.68 | NOTE | |||
r-devel-windows-x86_64 | 1.0-3.1 | 15.00 | 91.00 | 106.00 | NOTE | |
r-patched-linux-x86_64 | 1.0-3.1 | 8.02 | 81.64 | 89.66 | NOTE | |
r-release-linux-x86_64 | 1.0-3.1 | 7.73 | 82.43 | 90.16 | NOTE | |
r-release-macos-arm64 | 1.0-3.1 | 45.00 | NOTE | |||
r-release-windows-x86_64 | 1.0-3.1 | 16.00 | 91.00 | 107.00 | NOTE | |
r-oldrel-macos-arm64 | 1.0-3.1 | 50.00 | OK | |||
r-oldrel-macos-x86_64 | 1.0-3.1 | 72.00 | NOTE | |||
r-oldrel-windows-x86_64 | 1.0-3.1 | 20.00 | 102.00 | 122.00 | OK |
Version: 1.0-3.1
Check: Rd files
Result: NOTE
checkRd: (-1) glmmSimData.Rd:4: Lost braces; missing escapes or markup?
4 | \description{Section 4.1.2 of the refence below descries a simulation study with data generated from a probit mixed model with six fixed effects parameters and a bivariate random effects vector having a 2 by 2 symmetric positive definite covariance matrix. The function simulates a data set from this model with 2500 groups and the number of observation in each group being a random draw from {20,21,...,30}.}
| ^
Flavors: r-devel-linux-x86_64-debian-clang, r-devel-linux-x86_64-debian-gcc, r-devel-linux-x86_64-fedora-clang, r-devel-linux-x86_64-fedora-gcc, r-devel-windows-x86_64, r-patched-linux-x86_64, r-release-linux-x86_64, r-release-macos-arm64, r-release-windows-x86_64
Version: 1.0-3.1
Check: package dependencies
Result: NOTE
Package suggested but not available for checking: ‘mlmRev’
Flavor: r-oldrel-macos-x86_64