Last updated on 2024-05-04 09:49:37 CEST.
Flavor | Version | Tinstall | Tcheck | Ttotal | Status | Flags |
---|---|---|---|---|---|---|
r-devel-linux-x86_64-debian-clang | 0.1.0 | 4.17 | 53.67 | 57.84 | OK | |
r-devel-linux-x86_64-debian-gcc | 0.1.0 | 4.99 | 41.59 | 46.58 | OK | |
r-devel-linux-x86_64-fedora-clang | 0.1.0 | 82.92 | NOTE | |||
r-devel-linux-x86_64-fedora-gcc | 0.1.0 | 72.48 | NOTE | |||
r-devel-windows-x86_64 | 0.1.0 | 7.00 | 62.00 | 69.00 | OK | |
r-patched-linux-x86_64 | 0.1.0 | 6.73 | 53.21 | 59.94 | OK | |
r-release-linux-x86_64 | 0.1.0 | 5.18 | 52.33 | 57.51 | OK | |
r-release-macos-arm64 | 0.1.0 | 26.00 | OK | |||
r-release-windows-x86_64 | 0.1.0 | 6.00 | 60.00 | 66.00 | OK | |
r-oldrel-macos-arm64 | 0.1.0 | 29.00 | OK | |||
r-oldrel-macos-x86_64 | 0.1.0 | 39.00 | OK | |||
r-oldrel-windows-x86_64 | 0.1.0 | 8.00 | 67.00 | 75.00 | OK |
Version: 0.1.0
Check: dependencies in R code
Result: NOTE
Namespace in Imports field not imported from: ‘dplyr’
All declared Imports should be used.
Flavors: r-devel-linux-x86_64-fedora-clang, r-devel-linux-x86_64-fedora-gcc