Last updated on 2024-05-04 09:49:37 CEST.
Flavor | Version | Tinstall | Tcheck | Ttotal | Status | Flags |
---|---|---|---|---|---|---|
r-devel-linux-x86_64-debian-clang | 0.1.0 | 16.60 | 127.84 | 144.44 | NOTE | |
r-devel-linux-x86_64-debian-gcc | 0.1.0 | 13.06 | 93.86 | 106.92 | NOTE | |
r-devel-linux-x86_64-fedora-clang | 0.1.0 | 188.26 | NOTE | |||
r-devel-linux-x86_64-fedora-gcc | 0.1.0 | 173.93 | NOTE | |||
r-devel-windows-x86_64 | 0.1.0 | 16.00 | 102.00 | 118.00 | NOTE | |
r-patched-linux-x86_64 | 0.1.0 | 15.76 | 119.52 | 135.28 | NOTE | |
r-release-linux-x86_64 | 0.1.0 | 13.03 | 118.86 | 131.89 | NOTE | |
r-release-macos-arm64 | 0.1.0 | 49.00 | NOTE | |||
r-release-windows-x86_64 | 0.1.0 | 16.00 | 99.00 | 115.00 | NOTE | |
r-oldrel-macos-arm64 | 0.1.0 | 48.00 | NOTE | |||
r-oldrel-macos-x86_64 | 0.1.0 | 76.00 | NOTE | |||
r-oldrel-windows-x86_64 | 0.1.0 | 19.00 | 124.00 | 143.00 | NOTE |
Version: 0.1.0
Check: LazyData
Result: NOTE
'LazyData' is specified without a 'data' directory
Flavors: r-devel-linux-x86_64-debian-clang, r-devel-linux-x86_64-debian-gcc, r-devel-linux-x86_64-fedora-clang, r-devel-linux-x86_64-fedora-gcc, r-devel-windows-x86_64, r-patched-linux-x86_64, r-release-linux-x86_64, r-release-macos-arm64, r-release-windows-x86_64, r-oldrel-macos-arm64, r-oldrel-macos-x86_64, r-oldrel-windows-x86_64