Last updated on 2024-05-04 09:49:37 CEST.
Flavor | Version | Tinstall | Tcheck | Ttotal | Status | Flags |
---|---|---|---|---|---|---|
r-devel-linux-x86_64-debian-clang | 0.1.0 | 2.98 | 38.24 | 41.22 | NOTE | |
r-devel-linux-x86_64-debian-gcc | 0.1.0 | 2.29 | 30.43 | 32.72 | NOTE | |
r-devel-linux-x86_64-fedora-clang | 0.1.0 | 54.91 | NOTE | |||
r-devel-linux-x86_64-fedora-gcc | 0.1.0 | 62.64 | NOTE | |||
r-devel-windows-x86_64 | 0.1.0 | 5.00 | 68.00 | 73.00 | NOTE | |
r-patched-linux-x86_64 | 0.1.0 | 2.45 | 37.87 | 40.32 | NOTE | |
r-release-linux-x86_64 | 0.1.0 | 2.21 | 43.15 | 45.36 | NOTE | |
r-release-macos-arm64 | 0.1.0 | 44.00 | NOTE | |||
r-release-windows-x86_64 | 0.1.0 | 4.00 | 74.00 | 78.00 | NOTE | |
r-oldrel-macos-arm64 | 0.1.0 | 41.00 | NOTE | |||
r-oldrel-macos-x86_64 | 0.1.0 | 58.00 | NOTE | |||
r-oldrel-windows-x86_64 | 0.1.0 | 5.00 | 69.00 | 74.00 | NOTE |
Version: 0.1.0
Check: LazyData
Result: NOTE
'LazyData' is specified without a 'data' directory
Flavors: r-devel-linux-x86_64-debian-clang, r-devel-linux-x86_64-debian-gcc, r-devel-linux-x86_64-fedora-clang, r-devel-linux-x86_64-fedora-gcc, r-devel-windows-x86_64, r-patched-linux-x86_64, r-release-linux-x86_64, r-release-macos-arm64, r-release-windows-x86_64, r-oldrel-macos-arm64, r-oldrel-macos-x86_64, r-oldrel-windows-x86_64