Last updated on 2024-05-04 09:49:37 CEST.
Flavor | Version | Tinstall | Tcheck | Ttotal | Status | Flags |
---|---|---|---|---|---|---|
r-devel-linux-x86_64-debian-clang | 0.9.0 | 2.35 | 24.38 | 26.73 | NOTE | |
r-devel-linux-x86_64-debian-gcc | 0.9.0 | 1.93 | 18.56 | 20.49 | NOTE | |
r-devel-linux-x86_64-fedora-clang | 0.9.0 | 34.59 | NOTE | |||
r-devel-linux-x86_64-fedora-gcc | 0.9.0 | 31.27 | NOTE | |||
r-devel-windows-x86_64 | 0.9.0 | 4.00 | 42.00 | 46.00 | NOTE | |
r-patched-linux-x86_64 | 0.9.0 | 2.17 | 22.98 | 25.15 | NOTE | |
r-release-linux-x86_64 | 0.9.0 | 1.73 | 22.88 | 24.61 | NOTE | |
r-release-macos-arm64 | 0.9.0 | 14.00 | NOTE | |||
r-release-windows-x86_64 | 0.9.0 | 3.00 | 40.00 | 43.00 | NOTE | |
r-oldrel-macos-arm64 | 0.9.0 | 15.00 | NOTE | |||
r-oldrel-macos-x86_64 | 0.9.0 | 20.00 | NOTE | |||
r-oldrel-windows-x86_64 | 0.9.0 | 2.00 | 40.00 | 42.00 | NOTE |
Version: 0.9.0
Check: LazyData
Result: NOTE
'LazyData' is specified without a 'data' directory
Flavors: r-devel-linux-x86_64-debian-clang, r-devel-linux-x86_64-debian-gcc, r-devel-linux-x86_64-fedora-clang, r-devel-linux-x86_64-fedora-gcc, r-devel-windows-x86_64, r-patched-linux-x86_64, r-release-linux-x86_64, r-release-macos-arm64, r-release-windows-x86_64, r-oldrel-macos-arm64, r-oldrel-macos-x86_64, r-oldrel-windows-x86_64