Last updated on 2024-05-04 09:49:37 CEST.
Flavor | Version | Tinstall | Tcheck | Ttotal | Status | Flags |
---|---|---|---|---|---|---|
r-devel-linux-x86_64-debian-clang | 0.3.0 | 19.49 | 260.24 | 279.73 | OK | |
r-devel-linux-x86_64-debian-gcc | 0.3.0 | 16.68 | 184.08 | 200.76 | OK | |
r-devel-linux-x86_64-fedora-clang | 0.3.0 | 345.06 | NOTE | |||
r-devel-linux-x86_64-fedora-gcc | 0.3.0 | 333.78 | OK | |||
r-devel-windows-x86_64 | 0.3.0 | 21.00 | 211.00 | 232.00 | NOTE | |
r-patched-linux-x86_64 | 0.3.0 | 0.83 | 2.39 | 3.22 | ERROR | |
r-release-linux-x86_64 | 0.3.0 | 0.83 | 2.25 | 3.08 | ERROR | |
r-release-macos-arm64 | 0.3.0 | 90.00 | NOTE | |||
r-release-windows-x86_64 | 0.3.0 | 21.00 | 209.00 | 230.00 | NOTE | |
r-oldrel-macos-arm64 | 0.3.0 | 92.00 | NOTE | |||
r-oldrel-macos-x86_64 | 0.3.0 | 242.00 | NOTE | |||
r-oldrel-windows-x86_64 | 0.3.0 | 27.00 | 271.00 | 298.00 | NOTE |
Version: 0.3.0
Check: installed package size
Result: NOTE
installed size is 6.2Mb
sub-directories of 1Mb or more:
doc 5.2Mb
Flavors: r-devel-linux-x86_64-fedora-clang, r-devel-windows-x86_64, r-release-macos-arm64, r-release-windows-x86_64, r-oldrel-macos-arm64, r-oldrel-macos-x86_64, r-oldrel-windows-x86_64
Version: 0.3.0
Check: package dependencies
Result: ERROR
Package required but not available: ‘modeltime’
Package suggested but not available for checking: ‘healthyR.ai’
See section ‘The DESCRIPTION file’ in the ‘Writing R Extensions’
manual.
Flavors: r-patched-linux-x86_64, r-release-linux-x86_64