Last updated on 2024-05-04 09:49:37 CEST.
Flavor | Version | Tinstall | Tcheck | Ttotal | Status | Flags |
---|---|---|---|---|---|---|
r-devel-linux-x86_64-debian-clang | 0.10 | 0.60 | 2.39 | 2.99 | ERROR | |
r-devel-linux-x86_64-debian-gcc | 0.10 | 27.75 | 222.04 | 249.79 | OK | |
r-devel-linux-x86_64-fedora-clang | 0.10 | 452.41 | NOTE | |||
r-devel-linux-x86_64-fedora-gcc | 0.10 | 416.60 | NOTE | |||
r-devel-windows-x86_64 | 0.10 | 26.00 | 214.00 | 240.00 | OK | |
r-patched-linux-x86_64 | 0.10 | 32.77 | 289.03 | 321.80 | OK | |
r-release-linux-x86_64 | 0.10 | 32.78 | 282.61 | 315.39 | OK | |
r-release-macos-arm64 | 0.10 | 130.00 | OK | |||
r-release-macos-x86_64 | 0.10 | 295.00 | OK | |||
r-release-windows-x86_64 | 0.10 | 26.00 | 221.00 | 247.00 | OK | |
r-oldrel-macos-arm64 | 0.10 | 12.00 | ERROR | |||
r-oldrel-macos-x86_64 | 0.10 | 221.00 | OK | |||
r-oldrel-windows-x86_64 | 0.10 | 34.00 | 277.00 | 311.00 | OK |
Version: 0.10
Check: package dependencies
Result: ERROR
Packages required but not available:
'bamsignals', 'GenomicRanges', 'Rsamtools'
See section ‘The DESCRIPTION file’ in the ‘Writing R Extensions’
manual.
Flavor: r-devel-linux-x86_64-debian-clang
Version: 0.10
Check: dependencies in R code
Result: NOTE
Namespaces in Imports field not imported from:
‘knitr’ ‘rmarkdown’
All declared Imports should be used.
Flavors: r-devel-linux-x86_64-fedora-clang, r-devel-linux-x86_64-fedora-gcc
Version: 0.10
Check: whether package can be installed
Result: ERROR
Installation failed.
Flavor: r-oldrel-macos-arm64