Last updated on 2024-05-04 09:49:38 CEST.
Flavor | Version | Tinstall | Tcheck | Ttotal | Status | Flags |
---|---|---|---|---|---|---|
r-devel-linux-x86_64-debian-clang | 0.3.3 | 11.29 | 94.79 | 106.08 | NOTE | |
r-devel-linux-x86_64-debian-gcc | 0.3.3 | 7.44 | 72.12 | 79.56 | NOTE | |
r-devel-linux-x86_64-fedora-clang | 0.3.3 | 135.04 | NOTE | |||
r-devel-linux-x86_64-fedora-gcc | 0.3.3 | 136.91 | NOTE | |||
r-devel-windows-x86_64 | 0.3.3 | 10.00 | 135.00 | 145.00 | NOTE | |
r-patched-linux-x86_64 | 0.3.3 | 8.54 | 90.39 | 98.93 | NOTE | |
r-release-linux-x86_64 | 0.3.3 | 5.33 | 93.35 | 98.68 | NOTE | |
r-release-macos-arm64 | 0.3.3 | 49.00 | NOTE | |||
r-release-windows-x86_64 | 0.3.3 | 9.00 | 133.00 | 142.00 | NOTE | |
r-oldrel-macos-arm64 | 0.3.3 | 47.00 | NOTE | |||
r-oldrel-macos-x86_64 | 0.3.3 | 83.00 | NOTE | |||
r-oldrel-windows-x86_64 | 0.3.3 | 11.00 | 138.00 | 149.00 | NOTE |
Version: 0.3.3
Check: LazyData
Result: NOTE
'LazyData' is specified without a 'data' directory
Flavors: r-devel-linux-x86_64-debian-clang, r-devel-linux-x86_64-debian-gcc, r-devel-linux-x86_64-fedora-clang, r-devel-linux-x86_64-fedora-gcc, r-devel-windows-x86_64, r-patched-linux-x86_64, r-release-linux-x86_64, r-release-macos-arm64, r-release-windows-x86_64, r-oldrel-macos-arm64, r-oldrel-macos-x86_64, r-oldrel-windows-x86_64