Last updated on 2024-05-04 09:49:38 CEST.
Flavor | Version | Tinstall | Tcheck | Ttotal | Status | Flags |
---|---|---|---|---|---|---|
r-devel-linux-x86_64-debian-clang | 0.1-0 | 10.45 | 63.49 | 73.94 | OK | |
r-devel-linux-x86_64-debian-gcc | 0.1-0 | 7.68 | 48.30 | 55.98 | OK | |
r-devel-linux-x86_64-fedora-clang | 0.1-0 | 98.01 | OK | |||
r-devel-linux-x86_64-fedora-gcc | 0.1-0 | 107.39 | OK | |||
r-devel-windows-x86_64 | 0.1-0 | 9.00 | 84.00 | 93.00 | OK | |
r-patched-linux-x86_64 | 0.1-0 | 10.21 | 59.60 | 69.81 | OK | |
r-release-linux-x86_64 | 0.1-0 | 8.79 | 57.95 | 66.74 | OK | |
r-release-macos-arm64 | 0.1-0 | 7.00 | ERROR | |||
r-release-macos-x86_64 | 0.1-0 | 7.00 | ERROR | |||
r-release-windows-x86_64 | 0.1-0 | 9.00 | 83.00 | 92.00 | OK | |
r-oldrel-macos-arm64 | 0.1-0 | 11.00 | ERROR | |||
r-oldrel-macos-x86_64 | 0.1-0 | 7.00 | ERROR | |||
r-oldrel-windows-x86_64 | 0.1-0 | 10.00 | 87.00 | 97.00 | OK |
Version: 0.1-0
Check: package dependencies
Result: ERROR
Package required but not available: ‘pbdMPI’
See section ‘The DESCRIPTION file’ in the ‘Writing R Extensions’
manual.
Flavors: r-release-macos-arm64, r-release-macos-x86_64, r-oldrel-macos-arm64, r-oldrel-macos-x86_64