Last updated on 2024-05-04 09:49:39 CEST.
Flavor | Version | Tinstall | Tcheck | Ttotal | Status | Flags |
---|---|---|---|---|---|---|
r-devel-linux-x86_64-debian-clang | 1.0-1 | 13.71 | 108.78 | 122.49 | OK | |
r-devel-linux-x86_64-debian-gcc | 1.0-1 | 10.16 | 84.15 | 94.31 | OK | |
r-devel-linux-x86_64-fedora-clang | 1.0-1 | 151.57 | NOTE | |||
r-devel-linux-x86_64-fedora-gcc | 1.0-1 | 143.59 | OK | |||
r-devel-windows-x86_64 | 1.0-1 | 12.00 | 97.00 | 109.00 | NOTE | |
r-patched-linux-x86_64 | 1.0-1 | 11.85 | 104.42 | 116.27 | OK | |
r-release-linux-x86_64 | 1.0-1 | 12.82 | 104.07 | 116.89 | OK | |
r-release-macos-arm64 | 1.0-1 | 45.00 | NOTE | |||
r-release-windows-x86_64 | 1.0-1 | 11.00 | 94.00 | 105.00 | NOTE | |
r-oldrel-macos-arm64 | 1.0-1 | 48.00 | NOTE | |||
r-oldrel-macos-x86_64 | 1.0-1 | 89.00 | NOTE | |||
r-oldrel-windows-x86_64 | 1.0-1 | 14.00 | 114.00 | 128.00 | NOTE |
Version: 1.0-1
Check: installed package size
Result: NOTE
installed size is 8.4Mb
sub-directories of 1Mb or more:
data 8.3Mb
Flavors: r-devel-linux-x86_64-fedora-clang, r-devel-windows-x86_64, r-release-macos-arm64, r-release-windows-x86_64, r-oldrel-macos-arm64, r-oldrel-macos-x86_64, r-oldrel-windows-x86_64
Version: 1.0-1
Check: Rd cross-references
Result: NOTE
Undeclared package ‘spdep’ in Rd xrefs
Flavor: r-devel-linux-x86_64-fedora-clang