Last updated on 2024-05-04 09:49:39 CEST.
Flavor | Version | Tinstall | Tcheck | Ttotal | Status | Flags |
---|---|---|---|---|---|---|
r-devel-linux-x86_64-debian-clang | 0.8.1 | 7.68 | 71.62 | 79.30 | OK | |
r-devel-linux-x86_64-debian-gcc | 0.8.1 | 6.81 | 54.58 | 61.39 | OK | |
r-devel-linux-x86_64-fedora-clang | 0.8.1 | 99.79 | NOTE | |||
r-devel-linux-x86_64-fedora-gcc | 0.8.1 | 107.73 | OK | |||
r-devel-windows-x86_64 | 0.8.1 | 8.00 | 81.00 | 89.00 | NOTE | |
r-patched-linux-x86_64 | 0.8.1 | 4.62 | 70.71 | 75.33 | OK | |
r-release-linux-x86_64 | 0.8.1 | 4.82 | 68.32 | 73.14 | OK | |
r-release-macos-arm64 | 0.8.1 | 43.00 | NOTE | |||
r-release-macos-x86_64 | 0.8.1 | 93.00 | NOTE | |||
r-release-windows-x86_64 | 0.8.1 | 8.00 | 77.00 | 85.00 | NOTE | |
r-oldrel-macos-arm64 | 0.8.1 | 46.00 | NOTE | |||
r-oldrel-macos-x86_64 | 0.8.1 | 81.00 | NOTE | |||
r-oldrel-windows-x86_64 | 0.8.1 | 10.00 | 87.00 | 97.00 | NOTE |
Version: 0.8.1
Check: installed package size
Result: NOTE
installed size is 6.5Mb
sub-directories of 1Mb or more:
doc 6.4Mb
Flavors: r-devel-linux-x86_64-fedora-clang, r-devel-windows-x86_64, r-release-macos-arm64, r-release-macos-x86_64, r-release-windows-x86_64, r-oldrel-macos-arm64, r-oldrel-macos-x86_64, r-oldrel-windows-x86_64