Last updated on 2024-05-04 09:49:39 CEST.
Flavor | Version | Tinstall | Tcheck | Ttotal | Status | Flags |
---|---|---|---|---|---|---|
r-devel-linux-x86_64-debian-clang | 1.0.1 | 5.04 | 103.70 | 108.74 | OK | |
r-devel-linux-x86_64-debian-gcc | 1.0.1 | 4.19 | 84.22 | 88.41 | OK | |
r-devel-linux-x86_64-fedora-clang | 1.0.1 | 136.38 | NOTE | |||
r-devel-linux-x86_64-fedora-gcc | 1.0.1 | 143.67 | NOTE | |||
r-devel-windows-x86_64 | 1.0.1 | 6.00 | 100.00 | 106.00 | OK | |
r-patched-linux-x86_64 | 1.0.1 | 3.90 | 101.15 | 105.05 | OK | |
r-release-linux-x86_64 | 1.0.1 | 4.99 | 101.23 | 106.22 | OK | |
r-release-macos-arm64 | 1.0.1 | 57.00 | OK | |||
r-release-windows-x86_64 | 1.0.1 | 5.00 | 97.00 | 102.00 | OK | |
r-oldrel-macos-arm64 | 1.0.1 | 68.00 | OK | |||
r-oldrel-macos-x86_64 | 1.0.1 | 91.00 | OK | |||
r-oldrel-windows-x86_64 | 1.0.1 | 7.00 | 114.00 | 121.00 | OK |
Version: 1.0.1
Check: data for non-ASCII characters
Result: NOTE
Note: found 1 marked UTF-8 string
Flavors: r-devel-linux-x86_64-fedora-clang, r-devel-linux-x86_64-fedora-gcc