Last updated on 2024-05-04 09:49:39 CEST.
Flavor | Version | Tinstall | Tcheck | Ttotal | Status | Flags |
---|---|---|---|---|---|---|
r-devel-linux-x86_64-debian-clang | 0.1.0 | 2.22 | 21.63 | 23.85 | OK | |
r-devel-linux-x86_64-debian-gcc | 0.1.0 | 2.00 | 16.91 | 18.91 | OK | |
r-devel-linux-x86_64-fedora-clang | 0.1.0 | 30.27 | NOTE | |||
r-devel-linux-x86_64-fedora-gcc | 0.1.0 | 28.59 | NOTE | |||
r-devel-windows-x86_64 | 0.1.0 | 4.00 | 36.00 | 40.00 | OK | |
r-patched-linux-x86_64 | 0.1.0 | 2.64 | 20.66 | 23.30 | OK | |
r-release-linux-x86_64 | 0.1.0 | 2.52 | 20.73 | 23.25 | OK | |
r-release-macos-arm64 | 0.1.0 | 14.00 | OK | |||
r-release-windows-x86_64 | 0.1.0 | 4.00 | 36.00 | 40.00 | OK | |
r-oldrel-macos-arm64 | 0.1.0 | 15.00 | OK | |||
r-oldrel-macos-x86_64 | 0.1.0 | 21.00 | OK | |||
r-oldrel-windows-x86_64 | 0.1.0 | 4.00 | 38.00 | 42.00 | OK |
Version: 0.1.0
Check: data for non-ASCII characters
Result: NOTE
Note: found 3 marked UTF-8 strings
Flavors: r-devel-linux-x86_64-fedora-clang, r-devel-linux-x86_64-fedora-gcc