Last updated on 2024-05-04 09:49:40 CEST.
Flavor | Version | Tinstall | Tcheck | Ttotal | Status | Flags |
---|---|---|---|---|---|---|
r-devel-linux-x86_64-debian-clang | 0.3.0 | 1.07 | 2.46 | 3.53 | ERROR | |
r-devel-linux-x86_64-debian-gcc | 0.3.0 | 48.25 | 438.30 | 486.55 | OK | |
r-devel-linux-x86_64-fedora-clang | 0.3.0 | 897.40 | OK | |||
r-devel-linux-x86_64-fedora-gcc | 0.3.0 | 795.07 | OK | |||
r-devel-windows-x86_64 | 0.3.0 | 49.00 | 380.00 | 429.00 | ERROR | |
r-patched-linux-x86_64 | 0.3.0 | 40.00 | 530.17 | 570.17 | OK | |
r-release-linux-x86_64 | 0.3.0 | 39.84 | 546.23 | 586.07 | OK | |
r-release-macos-arm64 | 0.3.0 | 191.00 | NOTE | |||
r-release-macos-x86_64 | 0.3.0 | 542.00 | NOTE | |||
r-release-windows-x86_64 | 0.3.0 | 52.00 | 402.00 | 454.00 | OK | |
r-oldrel-macos-arm64 | 0.3.0 | 192.00 | NOTE | |||
r-oldrel-macos-x86_64 | 0.3.0 | 419.00 | NOTE | |||
r-oldrel-windows-x86_64 | 0.3.0 | 68.00 | 458.00 | 526.00 | NOTE |
Version: 0.3.0
Check: package dependencies
Result: ERROR
Packages required but not available:
'AnnotationFilter', 'ensembldb', 'GenomicRanges', 'rtracklayer'
Packages suggested but not available for checking:
'AnnotationHub', 'EnsDb.Hsapiens.v75'
See section ‘The DESCRIPTION file’ in the ‘Writing R Extensions’
manual.
Flavor: r-devel-linux-x86_64-debian-clang
Version: 0.3.0
Check: re-building of vignette outputs
Result: ERROR
Error(s) in re-building vignettes:
--- re-building 'locuszoomr.Rmd' using rmarkdown
Quitting from lines at lines 211-217 [unnamed-chunk-12] (locuszoomr.Rmd)
Error: processing vignette 'locuszoomr.Rmd' failed with diagnostics:
Failed to obtain 'hguid' cookie
--- failed re-building 'locuszoomr.Rmd'
SUMMARY: processing the following file failed:
'locuszoomr.Rmd'
Error: Vignette re-building failed.
Execution halted
Flavor: r-devel-windows-x86_64
Version: 0.3.0
Check: package dependencies
Result: NOTE
Package suggested but not available for checking: ‘EnsDb.Hsapiens.v75’
Flavors: r-release-macos-arm64, r-release-macos-x86_64, r-oldrel-macos-arm64, r-oldrel-macos-x86_64, r-oldrel-windows-x86_64
Version: 0.3.0
Check: re-building of vignette outputs
Result: NOTE
Note: skipping ‘locuszoomr.Rmd’ due to unavailable dependencies:
'EnsDb.Hsapiens.v75'
Flavors: r-release-macos-arm64, r-release-macos-x86_64, r-oldrel-macos-arm64, r-oldrel-macos-x86_64, r-oldrel-windows-x86_64