Last updated on 2024-05-04 09:49:40 CEST.
Flavor | Version | Tinstall | Tcheck | Ttotal | Status | Flags |
---|---|---|---|---|---|---|
r-devel-linux-x86_64-debian-clang | 0.2.2 | 0.40 | 2.20 | 2.60 | ERROR | |
r-devel-linux-x86_64-debian-gcc | 0.2.2 | 14.79 | 110.55 | 125.34 | OK | |
r-devel-linux-x86_64-fedora-clang | 0.2.2 | 225.46 | OK | |||
r-devel-linux-x86_64-fedora-gcc | 0.2.2 | 196.36 | OK | |||
r-devel-windows-x86_64 | 0.2.2 | 16.00 | 112.00 | 128.00 | OK | |
r-patched-linux-x86_64 | 0.2.2 | 15.92 | 141.82 | 157.74 | OK | |
r-release-linux-x86_64 | 0.2.2 | 17.38 | 144.76 | 162.14 | OK | |
r-release-macos-arm64 | 0.2.2 | 53.00 | OK | |||
r-release-macos-x86_64 | 0.2.2 | 129.00 | OK | |||
r-release-windows-x86_64 | 0.2.2 | 15.00 | 110.00 | 125.00 | OK | |
r-oldrel-macos-arm64 | 0.2.2 | 57.00 | OK | |||
r-oldrel-macos-x86_64 | 0.2.2 | 91.00 | OK | |||
r-oldrel-windows-x86_64 | 0.2.2 | 21.00 | 137.00 | 158.00 | OK |
Version: 0.2.2
Check: package dependencies
Result: ERROR
Package required but not available: ‘GenomicRanges’
See section ‘The DESCRIPTION file’ in the ‘Writing R Extensions’
manual.
Flavor: r-devel-linux-x86_64-debian-clang