Last updated on 2024-05-04 09:49:40 CEST.
Flavor | Version | Tinstall | Tcheck | Ttotal | Status | Flags |
---|---|---|---|---|---|---|
r-devel-linux-x86_64-debian-clang | 0.2.5 | 374.01 | 382.90 | 756.91 | OK | |
r-devel-linux-x86_64-debian-gcc | 0.2.5 | 308.09 | 275.95 | 584.04 | OK | |
r-devel-linux-x86_64-fedora-clang | 0.2.5 | 931.34 | NOTE | |||
r-devel-linux-x86_64-fedora-gcc | 0.2.5 | 1012.64 | OK | |||
r-devel-windows-x86_64 | 0.2.5 | 223.00 | 477.00 | 700.00 | NOTE | |
r-patched-linux-x86_64 | 0.2.5 | 355.39 | 359.74 | 715.13 | OK | |
r-release-linux-x86_64 | 0.2.5 | 339.69 | 363.96 | 703.65 | OK | |
r-release-macos-arm64 | 0.2.5 | 274.00 | NOTE | |||
r-release-macos-x86_64 | 0.2.5 | 554.00 | NOTE | |||
r-release-windows-x86_64 | 0.2.5 | 229.00 | 473.00 | 702.00 | NOTE | |
r-oldrel-macos-arm64 | 0.2.5 | 258.00 | NOTE | |||
r-oldrel-macos-x86_64 | 0.2.5 | 471.00 | NOTE | |||
r-oldrel-windows-x86_64 | 0.2.5 | 300.00 | 557.00 | 857.00 | NOTE |
Version: 0.2.5
Check: installed package size
Result: NOTE
installed size is 7.8Mb
sub-directories of 1Mb or more:
libs 5.6Mb
Flavors: r-devel-linux-x86_64-fedora-clang, r-devel-windows-x86_64, r-release-macos-arm64, r-release-macos-x86_64, r-release-windows-x86_64, r-oldrel-macos-arm64, r-oldrel-macos-x86_64, r-oldrel-windows-x86_64