Last updated on 2024-05-04 09:49:40 CEST.
Flavor | Version | Tinstall | Tcheck | Ttotal | Status | Flags |
---|---|---|---|---|---|---|
r-devel-linux-x86_64-debian-clang | 2.0 | 10.97 | 95.42 | 106.39 | NOTE | |
r-devel-linux-x86_64-debian-gcc | 2.0 | 8.11 | 68.92 | 77.03 | NOTE | |
r-devel-linux-x86_64-fedora-clang | 2.0 | 134.97 | NOTE | |||
r-devel-linux-x86_64-fedora-gcc | 2.0 | 126.16 | NOTE | |||
r-devel-windows-x86_64 | 2.0 | 11.00 | 85.00 | 96.00 | NOTE | |
r-patched-linux-x86_64 | 2.0 | 8.92 | 87.98 | 96.90 | NOTE | |
r-release-linux-x86_64 | 2.0 | 9.69 | 90.36 | 100.05 | NOTE | |
r-release-macos-arm64 | 2.0 | 37.00 | NOTE | |||
r-release-windows-x86_64 | 2.0 | 9.00 | 83.00 | 92.00 | NOTE | |
r-oldrel-macos-arm64 | 2.0 | 44.00 | OK | |||
r-oldrel-macos-x86_64 | 2.0 | 67.00 | OK | |||
r-oldrel-windows-x86_64 | 2.0 | 12.00 | 100.00 | 112.00 | OK |
Version: 2.0
Check: Rd files
Result: NOTE
checkRd: (-1) manet.Rd:25: Lost braces in \itemize; \value handles \item{}{} directly
checkRd: (-1) manet.Rd:26: Lost braces in \itemize; \value handles \item{}{} directly
checkRd: (-1) manet.Rd:27: Lost braces in \itemize; \value handles \item{}{} directly
checkRd: (-1) manet.Rd:28: Lost braces in \itemize; \value handles \item{}{} directly
checkRd: (-1) manet.Rd:29: Lost braces in \itemize; \value handles \item{}{} directly
checkRd: (-1) manet.Rd:30: Lost braces in \itemize; \value handles \item{}{} directly
checkRd: (-1) mixtbern.Rd:23: Lost braces in \itemize; \value handles \item{}{} directly
checkRd: (-1) mixtbern.Rd:24: Lost braces in \itemize; \value handles \item{}{} directly
checkRd: (-1) mixtbern.Rd:25: Lost braces in \itemize; \value handles \item{}{} directly
checkRd: (-1) mixtbern.Rd:26: Lost braces in \itemize; \value handles \item{}{} directly
checkRd: (-1) mixtbern.Rd:27: Lost braces in \itemize; \value handles \item{}{} directly
Flavors: r-devel-linux-x86_64-debian-clang, r-devel-linux-x86_64-debian-gcc, r-devel-linux-x86_64-fedora-clang, r-devel-linux-x86_64-fedora-gcc, r-devel-windows-x86_64, r-patched-linux-x86_64, r-release-linux-x86_64, r-release-macos-arm64, r-release-windows-x86_64