Last updated on 2024-05-04 09:49:40 CEST.
Flavor | Version | Tinstall | Tcheck | Ttotal | Status | Flags |
---|---|---|---|---|---|---|
r-devel-linux-x86_64-debian-clang | 1.0.0 | 120.05 | 106.06 | 226.11 | OK | |
r-devel-linux-x86_64-debian-gcc | 1.0.0 | 87.22 | 79.94 | 167.16 | OK | |
r-devel-linux-x86_64-fedora-clang | 1.0.0 | 304.25 | OK | |||
r-devel-linux-x86_64-fedora-gcc | 1.0.0 | 308.17 | OK | |||
r-devel-windows-x86_64 | 1.0.0 | 90.00 | 123.00 | 213.00 | OK | |
r-patched-linux-x86_64 | 1.0.0 | 112.11 | 101.45 | 213.56 | OK | |
r-release-linux-x86_64 | 1.0.0 | 117.86 | 103.09 | 220.95 | OK | |
r-release-macos-arm64 | 1.0.0 | 68.00 | NOTE | |||
r-release-windows-x86_64 | 1.0.0 | 88.00 | 127.00 | 215.00 | OK | |
r-oldrel-macos-arm64 | 1.0.0 | 80.00 | NOTE | |||
r-oldrel-macos-x86_64 | 1.0.0 | 141.00 | NOTE | |||
r-oldrel-windows-x86_64 | 1.0.0 | 111.00 | 151.00 | 262.00 | OK |
Version: 1.0.0
Check: installed package size
Result: NOTE
installed size is 5.8Mb
sub-directories of 1Mb or more:
libs 5.1Mb
Flavors: r-release-macos-arm64, r-oldrel-macos-arm64, r-oldrel-macos-x86_64