Last updated on 2024-05-04 09:49:40 CEST.
Flavor | Version | Tinstall | Tcheck | Ttotal | Status | Flags |
---|---|---|---|---|---|---|
r-devel-linux-x86_64-debian-clang | 0.0.6 | 52.78 | 86.65 | 139.43 | NOTE | |
r-devel-linux-x86_64-debian-gcc | 0.0.6 | 39.95 | 64.02 | 103.97 | NOTE | |
r-devel-linux-x86_64-fedora-clang | 0.0.6 | 185.79 | NOTE | |||
r-devel-linux-x86_64-fedora-gcc | 0.0.6 | 186.48 | NOTE | |||
r-devel-windows-x86_64 | 0.0.6 | 39.00 | 104.00 | 143.00 | NOTE | |
r-patched-linux-x86_64 | 0.0.6 | 51.39 | 82.99 | 134.38 | NOTE | |
r-release-linux-x86_64 | 0.0.6 | 56.48 | 82.43 | 138.91 | NOTE | |
r-release-macos-arm64 | 0.0.6 | 46.00 | NOTE | |||
r-release-windows-x86_64 | 0.0.6 | 40.00 | 94.00 | 134.00 | NOTE | |
r-oldrel-macos-arm64 | 0.0.6 | 54.00 | NOTE | |||
r-oldrel-macos-x86_64 | 0.0.6 | 90.00 | NOTE | |||
r-oldrel-windows-x86_64 | 0.0.6 | 48.00 | 115.00 | 163.00 | NOTE |
Version: 0.0.6
Check: C++ specification
Result: NOTE
Specified C++11: please drop specification unless essential
Flavors: r-devel-linux-x86_64-debian-clang, r-devel-linux-x86_64-debian-gcc, r-devel-linux-x86_64-fedora-clang, r-devel-linux-x86_64-fedora-gcc, r-devel-windows-x86_64, r-patched-linux-x86_64, r-release-linux-x86_64, r-release-macos-arm64, r-release-windows-x86_64, r-oldrel-macos-arm64, r-oldrel-macos-x86_64, r-oldrel-windows-x86_64
Version: 0.0.6
Check: installed package size
Result: NOTE
installed size is 5.4Mb
sub-directories of 1Mb or more:
doc 2.8Mb
libs 1.9Mb
Flavors: r-release-macos-arm64, r-oldrel-macos-arm64, r-oldrel-macos-x86_64