Last updated on 2024-05-04 09:49:40 CEST.
Flavor | Version | Tinstall | Tcheck | Ttotal | Status | Flags |
---|---|---|---|---|---|---|
r-devel-linux-x86_64-debian-clang | 0.1.15 | 11.13 | 131.07 | 142.20 | OK | |
r-devel-linux-x86_64-debian-gcc | 0.1.15 | 9.24 | 95.49 | 104.73 | OK | |
r-devel-linux-x86_64-fedora-clang | 0.1.15 | 173.53 | NOTE | |||
r-devel-linux-x86_64-fedora-gcc | 0.1.15 | 166.95 | NOTE | |||
r-devel-windows-x86_64 | 0.1.15 | 12.00 | 104.00 | 116.00 | OK | |
r-patched-linux-x86_64 | 0.1.15 | 12.13 | 124.23 | 136.36 | OK | |
r-release-linux-x86_64 | 0.1.15 | 8.73 | 124.58 | 133.31 | OK | |
r-release-macos-arm64 | 0.1.15 | 50.00 | OK | |||
r-release-windows-x86_64 | 0.1.15 | 11.00 | 101.00 | 112.00 | OK | |
r-oldrel-macos-arm64 | 0.1.15 | 53.00 | OK | |||
r-oldrel-macos-x86_64 | 0.1.15 | 101.00 | OK | |||
r-oldrel-windows-x86_64 | 0.1.15 | 13.00 | 130.00 | 143.00 | OK |
Version: 0.1.15
Check: dependencies in R code
Result: NOTE
Namespaces in Imports field not imported from:
‘MASS’ ‘lars’ ‘methods’ ‘parallel’ ‘smoothmest’
All declared Imports should be used.
Flavors: r-devel-linux-x86_64-fedora-clang, r-devel-linux-x86_64-fedora-gcc