Last updated on 2024-05-04 09:49:40 CEST.
Flavor | Version | Tinstall | Tcheck | Ttotal | Status | Flags |
---|---|---|---|---|---|---|
r-devel-linux-x86_64-debian-clang | 0.1.2 | 15.81 | 108.55 | 124.36 | OK | |
r-devel-linux-x86_64-debian-gcc | 0.1.2 | 11.46 | 78.83 | 90.29 | OK | |
r-devel-linux-x86_64-fedora-clang | 0.1.2 | 153.93 | NOTE | |||
r-devel-linux-x86_64-fedora-gcc | 0.1.2 | 153.17 | NOTE | |||
r-devel-windows-x86_64 | 0.1.2 | 13.00 | 96.00 | 109.00 | OK | |
r-patched-linux-x86_64 | 0.1.2 | 11.97 | 102.41 | 114.38 | OK | |
r-release-linux-x86_64 | 0.1.2 | 9.77 | 102.37 | 112.14 | OK | |
r-release-macos-arm64 | 0.1.2 | 48.00 | OK | |||
r-release-windows-x86_64 | 0.1.2 | 13.00 | 95.00 | 108.00 | OK | |
r-oldrel-macos-arm64 | 0.1.2 | 47.00 | OK | |||
r-oldrel-macos-x86_64 | 0.1.2 | 86.00 | OK | |||
r-oldrel-windows-x86_64 | 0.1.2 | 17.00 | 112.00 | 129.00 | OK |
Version: 0.1.2
Check: data for non-ASCII characters
Result: NOTE
Note: found 37 marked UTF-8 strings
Flavors: r-devel-linux-x86_64-fedora-clang, r-devel-linux-x86_64-fedora-gcc