Last updated on 2024-05-04 09:49:41 CEST.
Flavor | Version | Tinstall | Tcheck | Ttotal | Status | Flags |
---|---|---|---|---|---|---|
r-devel-linux-x86_64-debian-clang | 0.0.20 | 0.53 | 2.43 | 2.96 | ERROR | |
r-devel-linux-x86_64-debian-gcc | 0.0.20 | 42.79 | 386.65 | 429.44 | OK | |
r-devel-linux-x86_64-fedora-clang | 0.0.20 | 768.86 | NOTE | |||
r-devel-linux-x86_64-fedora-gcc | 0.0.20 | 690.34 | NOTE | |||
r-devel-windows-x86_64 | 0.0.20 | 42.00 | 375.00 | 417.00 | OK | |
r-patched-linux-x86_64 | 0.0.20 | 40.69 | 510.10 | 550.79 | OK | |
r-release-linux-x86_64 | 0.0.20 | 40.47 | 499.92 | 540.39 | OK | |
r-release-macos-arm64 | 0.0.20 | 197.00 | OK | |||
r-release-macos-x86_64 | 0.0.20 | 353.00 | NOTE | |||
r-release-windows-x86_64 | 0.0.20 | 45.00 | 361.00 | 406.00 | OK | |
r-oldrel-macos-arm64 | 0.0.20 | 10.00 | ERROR | |||
r-oldrel-macos-x86_64 | 0.0.20 | 6.00 | ERROR | |||
r-oldrel-windows-x86_64 | 0.0.20 | 58.00 | 491.00 | 549.00 | OK |
Version: 0.0.20
Check: package dependencies
Result: ERROR
Packages required but not available: 'DESeq2', 'SummarizedExperiment'
Package suggested but not available for checking: ‘dada2’
See section ‘The DESCRIPTION file’ in the ‘Writing R Extensions’
manual.
Flavor: r-devel-linux-x86_64-debian-clang
Version: 0.0.20
Check: dependencies in R code
Result: NOTE
Namespace in Imports field not imported from: ‘testthat’
All declared Imports should be used.
Flavors: r-devel-linux-x86_64-fedora-clang, r-devel-linux-x86_64-fedora-gcc
Version: 0.0.20
Check: package dependencies
Result: NOTE
Package suggested but not available for checking: ‘DECIPHER’
Flavor: r-release-macos-x86_64
Version: 0.0.20
Check: package dependencies
Result: ERROR
Package required but not available: ‘phyloseq’
Package suggested but not available for checking: ‘dada2’
See section ‘The DESCRIPTION file’ in the ‘Writing R Extensions’
manual.
Flavors: r-oldrel-macos-arm64, r-oldrel-macos-x86_64