CRAN Package Check Results for Package mlr3filters

Last updated on 2025-11-28 10:50:03 CET.

Flavor Version Tinstall Tcheck Ttotal Status Flags
r-devel-linux-x86_64-debian-clang 0.9.0 10.93 189.51 200.44 OK
r-devel-linux-x86_64-debian-gcc 0.9.0 7.51 125.74 133.25 OK
r-devel-linux-x86_64-fedora-clang 0.9.0 39.00 267.37 306.37 OK
r-devel-linux-x86_64-fedora-gcc 0.9.0 36.00 225.62 261.62 NOTE
r-devel-windows-x86_64 0.9.0 14.00 161.00 175.00 OK
r-patched-linux-x86_64 0.9.0 11.45 159.88 171.33 OK
r-release-linux-x86_64 0.9.0 10.51 157.52 168.03 OK
r-release-macos-arm64 0.9.0 OK
r-release-macos-x86_64 0.9.0 11.00 133.00 144.00 OK
r-release-windows-x86_64 0.9.0 12.00 161.00 173.00 OK
r-oldrel-macos-arm64 0.9.0 OK
r-oldrel-macos-x86_64 0.9.0 10.00 135.00 145.00 OK
r-oldrel-windows-x86_64 0.9.0 15.00 216.00 231.00 OK

Check Details

Version: 0.9.0
Check: Rd cross-references
Result: NOTE Unknown package ‘mlr3pipelines’ in Rd xrefs Flavor: r-devel-linux-x86_64-fedora-gcc